{"id":30125,"date":"2020-12-29T23:29:00","date_gmt":"2020-12-29T22:29:00","guid":{"rendered":"http:\/\/www.fai-srl.com\/shop\/?post_type=product&#038;p=30125"},"modified":"2026-02-27T19:33:59","modified_gmt":"2026-02-27T18:33:59","slug":"lampada-da-tavolo-a-fungo-ricaricabile-con-usb","status":"publish","type":"product","link":"https:\/\/www.fai-srl.com\/shop\/product\/lampada-da-tavolo-a-fungo-ricaricabile-con-usb\/","title":{"rendered":"Allan Poe"},"content":{"rendered":"<p><strong>Lampada da tavolo a fungo ricaricabile con USB.<\/strong><\/p>\n<p style=\"text-align: justify;\">Lampada da tavolo a fungo dotata di una struttura dal design innovativo e raffinato in grado di dare un tocco moderno ed elegante ai tuoi ambienti.<\/p>\n<p style=\"text-align: justify;\">Grazie alla sua autonomia di 4-5 ore e a un tempo di ricarica di 4 ore, la lampada da tavolo a fungo, \u00e8 ottima per essere posizionata in luoghi diversi a seconda delle tue necessit\u00e0.<\/p>\n<p style=\"text-align: justify;\">La tecnologia touch consente di regolare, con un semplice tocco, i livelli di intensit\u00e0 della luce. Passando da una luce pi\u00f9 calda e leggera a una pi\u00f9 fredda e intensa semplicemente toccando la lampada.<\/p>\n<p style=\"text-align: justify;\">Grado di protezione: IP20.<\/p>\n<p style=\"text-align: justify;\">Disponibile in colore bianco e in tre temperature di colore: 3000K, 4000K, 6000K.<\/p>\n<p style=\"text-align: justify;\">Questo articolo possiede il marchio CE, che garantisce la conformit\u00e0 del prodotto a tutte le disposizioni della Comunit\u00e0 Europea che prevedono il suo utilizzo dalla progettazione, alla messa in servizio fino allo smaltimento.<\/p>\n<p style=\"text-align: justify;\">Se dovessi aver bisogno di maggiori informazioni relative a questo prodotto o necessiti di un\u2019offerta personalizzata <a href=\"https:\/\/www.fai-srl.com\/contatti\/\" target=\"_blank\" rel=\"noopener\">contattaci<\/a>!<\/p>\n<p style=\"text-align: justify;\">Rimani aggiornato sui nostri prodotti, seguici sui nostri canali social <a href=\"https:\/\/www.facebook.com\/faisrl.materialelettrico\/\" target=\"_blank\" rel=\"noopener\">Facebook<\/a> e <a href=\"https:\/\/www.instagram.com\/faisrl.materialelettrico\/\" target=\"_blank\" rel=\"noopener\">Instagram<\/a>.<\/p>\n<table border=\"0\" width=\"500\" align=\"center\">\n<tbody>\n<tr>\n<td>Alimentazione :<\/td>\n<td>5Vdc<\/td>\n<\/tr>\n<tr>\n<td>Dimensioni mm:<\/td>\n<td>\u00f8 165 h 230<\/td>\n<\/tr>\n<tr>\n<td>Potenza:<\/td>\n<td>6W<\/td>\n<\/tr>\n<tr>\n<td>Grado di protezione:<\/td>\n<td>IP20<\/td>\n<\/tr>\n<tr>\n<td>Temperatura colore 3CCT:<\/td>\n<td>3000K\/4000K\/6000K<\/td>\n<\/tr>\n<tr>\n<td>Batteria a litio:<\/td>\n<td>2200mAh<\/td>\n<\/tr>\n<tr>\n<td>Materiale:<\/td>\n<td>Acciaio + PMMA<\/td>\n<\/tr>\n<tr>\n<td>Tempo di ricarica:<\/td>\n<td>4 ore<\/td>\n<\/tr>\n<tr>\n<td>Autonomia:<\/td>\n<td>4-5 ore<\/td>\n<\/tr>\n<tr>\n<td>Colore:<\/td>\n<td>Bianco<\/td>\n<\/tr>\n<tr>\n<td>Note:<\/td>\n<td>alimentatore integrato<\/td>\n<\/tr>\n<\/tbody>\n<\/table>\n","protected":false},"excerpt":{"rendered":"<p><img decoding=\"async\" class=\"alignnone size-full wp-image-23297\" src=\"http:\/\/www.fai-srl.com\/shop\/wp-content\/uploads\/2020\/12\/ce-1-e1607738054844.jpg\" alt=\"\" width=\"60\" height=\"60\" \/><img decoding=\"async\" class=\"alignnone size-full wp-image-25606\" src=\"http:\/\/www.fai-srl.com\/shop\/wp-content\/uploads\/2020\/12\/CRI_80.jpg\" alt=\"\" width=\"110\" height=\"50\" srcset=\"https:\/\/www.fai-srl.com\/shop\/wp-content\/uploads\/2020\/12\/CRI_80.jpg 110w, https:\/\/www.fai-srl.com\/shop\/wp-content\/uploads\/2020\/12\/CRI_80-64x29.jpg 64w\" sizes=\"(max-width: 110px) 100vw, 110px\" \/><\/p>\n<p><img decoding=\"async\" class=\"alignnone size-full wp-image-29718\" src=\"http:\/\/www.fai-srl.com\/shop\/wp-content\/uploads\/2020\/11\/rohs.-.png\" alt=\"\" width=\"93\" height=\"75\" \/><img loading=\"lazy\" decoding=\"async\" class=\"alignnone size-full wp-image-24770\" src=\"http:\/\/www.fai-srl.com\/shop\/wp-content\/uploads\/2020\/12\/IP20-1.jpg\" alt=\"\" width=\"60\" height=\"60\" \/><\/p>\n<p><a href=\"http:\/\/www.fai-srl.com\/shop\/wp-content\/uploads\/2022\/03\/istruz-5804.pdf\"><strong>Clicca qui per scaricare la SCHEDA TECNICA<\/strong><\/a><\/p>\n<p>&nbsp;<\/p>\n","protected":false},"featured_media":30133,"template":"","meta":[],"product_cat":[539,506],"product_tag":[],"class_list":{"0":"post-30125","1":"product","2":"type-product","3":"status-publish","4":"has-post-thumbnail","6":"product_cat-illuminazione","7":"product_cat-led","9":"first","10":"instock","11":"taxable","12":"shipping-taxable","13":"purchasable","14":"product-type-variable"},"yoast_head":"<!-- This site is optimized with the Yoast SEO plugin v26.2 - https:\/\/yoast.com\/wordpress\/plugins\/seo\/ -->\n<title>Allan Poe - FAI SRL<\/title>\n<meta name=\"description\" content=\"Lampada da tavolo a fungo ricaricabile con USB - Alimentatore integrato, visita il nostro sito e scopri tutti i nostri prodotti !\" \/>\n<meta name=\"robots\" content=\"index, follow, max-snippet:-1, max-image-preview:large, max-video-preview:-1\" \/>\n<link rel=\"canonical\" href=\"https:\/\/www.fai-srl.com\/shop\/product\/lampada-da-tavolo-a-fungo-ricaricabile-con-usb\/\" \/>\n<meta property=\"og:locale\" content=\"it_IT\" \/>\n<meta property=\"og:type\" content=\"article\" \/>\n<meta property=\"og:title\" content=\"Allan Poe - FAI SRL\" \/>\n<meta property=\"og:description\" content=\"Lampada da tavolo a fungo ricaricabile con USB - Alimentatore integrato, visita il nostro sito e scopri tutti i nostri prodotti !\" \/>\n<meta property=\"og:url\" content=\"https:\/\/www.fai-srl.com\/shop\/product\/lampada-da-tavolo-a-fungo-ricaricabile-con-usb\/\" \/>\n<meta property=\"og:site_name\" content=\"FAI SRL\" \/>\n<meta property=\"article:modified_time\" content=\"2026-02-27T18:33:59+00:00\" \/>\n<meta property=\"og:image\" content=\"https:\/\/www.fai-srl.com\/shop\/wp-content\/uploads\/2022\/03\/5804-3CCT-BI-5.jpg\" \/>\n\t<meta property=\"og:image:width\" content=\"600\" \/>\n\t<meta property=\"og:image:height\" content=\"600\" \/>\n\t<meta property=\"og:image:type\" content=\"image\/jpeg\" \/>\n<meta name=\"twitter:card\" content=\"summary_large_image\" \/>\n<meta name=\"twitter:label1\" content=\"Tempo di lettura stimato\" \/>\n\t<meta name=\"twitter:data1\" content=\"1 minuto\" \/>\n<script type=\"application\/ld+json\" class=\"yoast-schema-graph\">{\"@context\":\"https:\/\/schema.org\",\"@graph\":[{\"@type\":\"WebPage\",\"@id\":\"https:\/\/www.fai-srl.com\/shop\/product\/lampada-da-tavolo-a-fungo-ricaricabile-con-usb\/\",\"url\":\"https:\/\/www.fai-srl.com\/shop\/product\/lampada-da-tavolo-a-fungo-ricaricabile-con-usb\/\",\"name\":\"Allan Poe - FAI SRL\",\"isPartOf\":{\"@id\":\"https:\/\/www.fai-srl.com\/shop\/#website\"},\"primaryImageOfPage\":{\"@id\":\"https:\/\/www.fai-srl.com\/shop\/product\/lampada-da-tavolo-a-fungo-ricaricabile-con-usb\/#primaryimage\"},\"image\":{\"@id\":\"https:\/\/www.fai-srl.com\/shop\/product\/lampada-da-tavolo-a-fungo-ricaricabile-con-usb\/#primaryimage\"},\"thumbnailUrl\":\"https:\/\/www.fai-srl.com\/shop\/wp-content\/uploads\/2022\/03\/5804-3CCT-BI-5.jpg\",\"datePublished\":\"2020-12-29T22:29:00+00:00\",\"dateModified\":\"2026-02-27T18:33:59+00:00\",\"description\":\"Lampada da tavolo a fungo ricaricabile con USB - Alimentatore integrato, visita il nostro sito e scopri tutti i nostri prodotti !\",\"breadcrumb\":{\"@id\":\"https:\/\/www.fai-srl.com\/shop\/product\/lampada-da-tavolo-a-fungo-ricaricabile-con-usb\/#breadcrumb\"},\"inLanguage\":\"it-IT\",\"potentialAction\":[{\"@type\":\"ReadAction\",\"target\":[\"https:\/\/www.fai-srl.com\/shop\/product\/lampada-da-tavolo-a-fungo-ricaricabile-con-usb\/\"]}]},{\"@type\":\"ImageObject\",\"inLanguage\":\"it-IT\",\"@id\":\"https:\/\/www.fai-srl.com\/shop\/product\/lampada-da-tavolo-a-fungo-ricaricabile-con-usb\/#primaryimage\",\"url\":\"https:\/\/www.fai-srl.com\/shop\/wp-content\/uploads\/2022\/03\/5804-3CCT-BI-5.jpg\",\"contentUrl\":\"https:\/\/www.fai-srl.com\/shop\/wp-content\/uploads\/2022\/03\/5804-3CCT-BI-5.jpg\",\"width\":600,\"height\":600,\"caption\":\"Lampada da tavolo a fungo\"},{\"@type\":\"BreadcrumbList\",\"@id\":\"https:\/\/www.fai-srl.com\/shop\/product\/lampada-da-tavolo-a-fungo-ricaricabile-con-usb\/#breadcrumb\",\"itemListElement\":[{\"@type\":\"ListItem\",\"position\":1,\"name\":\"Home\",\"item\":\"https:\/\/www.fai-srl.com\/shop\/\"},{\"@type\":\"ListItem\",\"position\":2,\"name\":\"Prodotti FAI Srl\",\"item\":\"https:\/\/www.fai-srl.com\/shop\/?page_id=4775\"},{\"@type\":\"ListItem\",\"position\":3,\"name\":\"Allan Poe\"}]},{\"@type\":\"WebSite\",\"@id\":\"https:\/\/www.fai-srl.com\/shop\/#website\",\"url\":\"https:\/\/www.fai-srl.com\/shop\/\",\"name\":\"FAI SRL\",\"description\":\"Light Up your Creativity\",\"publisher\":{\"@id\":\"https:\/\/www.fai-srl.com\/shop\/#organization\"},\"potentialAction\":[{\"@type\":\"SearchAction\",\"target\":{\"@type\":\"EntryPoint\",\"urlTemplate\":\"https:\/\/www.fai-srl.com\/shop\/?s={search_term_string}\"},\"query-input\":{\"@type\":\"PropertyValueSpecification\",\"valueRequired\":true,\"valueName\":\"search_term_string\"}}],\"inLanguage\":\"it-IT\"},{\"@type\":\"Organization\",\"@id\":\"https:\/\/www.fai-srl.com\/shop\/#organization\",\"name\":\"FAI SRL\",\"url\":\"https:\/\/www.fai-srl.com\/shop\/\",\"logo\":{\"@type\":\"ImageObject\",\"inLanguage\":\"it-IT\",\"@id\":\"https:\/\/www.fai-srl.com\/shop\/#\/schema\/logo\/image\/\",\"url\":\"http:\/\/www.fai-srl.com\/shop\/wp-content\/uploads\/2018\/10\/fai_logo.jpg\",\"contentUrl\":\"http:\/\/www.fai-srl.com\/shop\/wp-content\/uploads\/2018\/10\/fai_logo.jpg\",\"width\":300,\"height\":132,\"caption\":\"FAI SRL\"},\"image\":{\"@id\":\"https:\/\/www.fai-srl.com\/shop\/#\/schema\/logo\/image\/\"}}]}<\/script>\n<!-- \/ Yoast SEO plugin. -->","yoast_head_json":{"title":"Allan Poe - FAI SRL","description":"Lampada da tavolo a fungo ricaricabile con USB - Alimentatore integrato, visita il nostro sito e scopri tutti i nostri prodotti !","robots":{"index":"index","follow":"follow","max-snippet":"max-snippet:-1","max-image-preview":"max-image-preview:large","max-video-preview":"max-video-preview:-1"},"canonical":"https:\/\/www.fai-srl.com\/shop\/product\/lampada-da-tavolo-a-fungo-ricaricabile-con-usb\/","og_locale":"it_IT","og_type":"article","og_title":"Allan Poe - FAI SRL","og_description":"Lampada da tavolo a fungo ricaricabile con USB - Alimentatore integrato, visita il nostro sito e scopri tutti i nostri prodotti !","og_url":"https:\/\/www.fai-srl.com\/shop\/product\/lampada-da-tavolo-a-fungo-ricaricabile-con-usb\/","og_site_name":"FAI SRL","article_modified_time":"2026-02-27T18:33:59+00:00","og_image":[{"width":600,"height":600,"url":"https:\/\/www.fai-srl.com\/shop\/wp-content\/uploads\/2022\/03\/5804-3CCT-BI-5.jpg","type":"image\/jpeg"}],"twitter_card":"summary_large_image","twitter_misc":{"Tempo di lettura stimato":"1 minuto"},"schema":{"@context":"https:\/\/schema.org","@graph":[{"@type":"WebPage","@id":"https:\/\/www.fai-srl.com\/shop\/product\/lampada-da-tavolo-a-fungo-ricaricabile-con-usb\/","url":"https:\/\/www.fai-srl.com\/shop\/product\/lampada-da-tavolo-a-fungo-ricaricabile-con-usb\/","name":"Allan Poe - FAI SRL","isPartOf":{"@id":"https:\/\/www.fai-srl.com\/shop\/#website"},"primaryImageOfPage":{"@id":"https:\/\/www.fai-srl.com\/shop\/product\/lampada-da-tavolo-a-fungo-ricaricabile-con-usb\/#primaryimage"},"image":{"@id":"https:\/\/www.fai-srl.com\/shop\/product\/lampada-da-tavolo-a-fungo-ricaricabile-con-usb\/#primaryimage"},"thumbnailUrl":"https:\/\/www.fai-srl.com\/shop\/wp-content\/uploads\/2022\/03\/5804-3CCT-BI-5.jpg","datePublished":"2020-12-29T22:29:00+00:00","dateModified":"2026-02-27T18:33:59+00:00","description":"Lampada da tavolo a fungo ricaricabile con USB - Alimentatore integrato, visita il nostro sito e scopri tutti i nostri prodotti !","breadcrumb":{"@id":"https:\/\/www.fai-srl.com\/shop\/product\/lampada-da-tavolo-a-fungo-ricaricabile-con-usb\/#breadcrumb"},"inLanguage":"it-IT","potentialAction":[{"@type":"ReadAction","target":["https:\/\/www.fai-srl.com\/shop\/product\/lampada-da-tavolo-a-fungo-ricaricabile-con-usb\/"]}]},{"@type":"ImageObject","inLanguage":"it-IT","@id":"https:\/\/www.fai-srl.com\/shop\/product\/lampada-da-tavolo-a-fungo-ricaricabile-con-usb\/#primaryimage","url":"https:\/\/www.fai-srl.com\/shop\/wp-content\/uploads\/2022\/03\/5804-3CCT-BI-5.jpg","contentUrl":"https:\/\/www.fai-srl.com\/shop\/wp-content\/uploads\/2022\/03\/5804-3CCT-BI-5.jpg","width":600,"height":600,"caption":"Lampada da tavolo a fungo"},{"@type":"BreadcrumbList","@id":"https:\/\/www.fai-srl.com\/shop\/product\/lampada-da-tavolo-a-fungo-ricaricabile-con-usb\/#breadcrumb","itemListElement":[{"@type":"ListItem","position":1,"name":"Home","item":"https:\/\/www.fai-srl.com\/shop\/"},{"@type":"ListItem","position":2,"name":"Prodotti FAI Srl","item":"https:\/\/www.fai-srl.com\/shop\/?page_id=4775"},{"@type":"ListItem","position":3,"name":"Allan Poe"}]},{"@type":"WebSite","@id":"https:\/\/www.fai-srl.com\/shop\/#website","url":"https:\/\/www.fai-srl.com\/shop\/","name":"FAI SRL","description":"Light Up your Creativity","publisher":{"@id":"https:\/\/www.fai-srl.com\/shop\/#organization"},"potentialAction":[{"@type":"SearchAction","target":{"@type":"EntryPoint","urlTemplate":"https:\/\/www.fai-srl.com\/shop\/?s={search_term_string}"},"query-input":{"@type":"PropertyValueSpecification","valueRequired":true,"valueName":"search_term_string"}}],"inLanguage":"it-IT"},{"@type":"Organization","@id":"https:\/\/www.fai-srl.com\/shop\/#organization","name":"FAI SRL","url":"https:\/\/www.fai-srl.com\/shop\/","logo":{"@type":"ImageObject","inLanguage":"it-IT","@id":"https:\/\/www.fai-srl.com\/shop\/#\/schema\/logo\/image\/","url":"http:\/\/www.fai-srl.com\/shop\/wp-content\/uploads\/2018\/10\/fai_logo.jpg","contentUrl":"http:\/\/www.fai-srl.com\/shop\/wp-content\/uploads\/2018\/10\/fai_logo.jpg","width":300,"height":132,"caption":"FAI SRL"},"image":{"@id":"https:\/\/www.fai-srl.com\/shop\/#\/schema\/logo\/image\/"}}]}},"_links":{"self":[{"href":"https:\/\/www.fai-srl.com\/shop\/wp-json\/wp\/v2\/product\/30125","targetHints":{"allow":["GET"]}}],"collection":[{"href":"https:\/\/www.fai-srl.com\/shop\/wp-json\/wp\/v2\/product"}],"about":[{"href":"https:\/\/www.fai-srl.com\/shop\/wp-json\/wp\/v2\/types\/product"}],"version-history":[{"count":9,"href":"https:\/\/www.fai-srl.com\/shop\/wp-json\/wp\/v2\/product\/30125\/revisions"}],"predecessor-version":[{"id":33949,"href":"https:\/\/www.fai-srl.com\/shop\/wp-json\/wp\/v2\/product\/30125\/revisions\/33949"}],"wp:featuredmedia":[{"embeddable":true,"href":"https:\/\/www.fai-srl.com\/shop\/wp-json\/wp\/v2\/media\/30133"}],"wp:attachment":[{"href":"https:\/\/www.fai-srl.com\/shop\/wp-json\/wp\/v2\/media?parent=30125"}],"wp:term":[{"taxonomy":"product_cat","embeddable":true,"href":"https:\/\/www.fai-srl.com\/shop\/wp-json\/wp\/v2\/product_cat?post=30125"},{"taxonomy":"product_tag","embeddable":true,"href":"https:\/\/www.fai-srl.com\/shop\/wp-json\/wp\/v2\/product_tag?post=30125"}],"curies":[{"name":"wp","href":"https:\/\/api.w.org\/{rel}","templated":true}]}}