{"id":24169,"date":"2020-12-15T17:34:29","date_gmt":"2020-12-15T16:34:29","guid":{"rendered":"http:\/\/www.fai-srl.com\/shop\/?post_type=product&#038;p=24169"},"modified":"2026-02-27T19:32:32","modified_gmt":"2026-02-27T18:32:32","slug":"multipresa-da-tavolo-con-2-usb-con-protezione","status":"publish","type":"product","link":"https:\/\/www.fai-srl.com\/shop\/product\/multipresa-da-tavolo-con-2-usb-con-protezione\/","title":{"rendered":"Multipresa da tavolo con 2 USB con protezione"},"content":{"rendered":"<p><strong>Multipresa da tavolo con 2 USB<\/strong><\/p>\n<p style=\"text-align: justify;\">Multipresa da tavolo con 2 USB, interruttore per accensione e spegnimento e cavo di alimentazione di 2 metri di lunghezza. Le 4 prese universali 2P+T &#8211; 10\\16A e la presa bivalente 2P+T &#8211; 10\\16A, consentono di collegare fino a un massimo di 5 dispositivi elettrici e 2 USB. Disponibile nelle colorazioni di bianco o nero.<\/p>\n<p style=\"text-align: justify;\">Per non compromettere le funzionalit\u00e0 della multipresa da tavolo ed evitare il cortocircuito, non superare la potenza massima di 3500W.<\/p>\n<p style=\"text-align: justify;\">Questa multipresa da tavolo \u00e8 ottimale in caso in cui si ha la necessit\u00e0 di caricare pi\u00f9 dispositivi elettronici in uno spazio limitato. Grazie alla sua struttura leggera e al suo corpo in PPL non infiammabile, \u00e8 adatta sia per essere appoggiata su scrivanie che su tavoli da lavoro.<\/p>\n<p style=\"text-align: justify;\">Questo articolo possiede il marchio CE, che garantisce la conformit\u00e0 del prodotto a tutte le disposizioni della Comunit\u00e0 Europea che prevedono il suo utilizzo dalla progettazione, alla messa in servizio fino allo smaltimento.<\/p>\n<p style=\"text-align: justify;\">Se dovessi aver bisogno di maggiori informazioni relative a questo prodotto o necessiti di un\u2019offerta personalizzata <a href=\"https:\/\/www.fai-srl.com\/contatti\/\" target=\"_blank\" rel=\"noopener\">contattaci<\/a>!<\/p>\n<p style=\"text-align: justify;\">Rimani aggiornato sui nostri prodotti, seguici sui nostri canali social <a href=\"https:\/\/www.facebook.com\/faisrl.materialelettrico\/\" target=\"_blank\" rel=\"noopener\">Facebook<\/a> e <a href=\"https:\/\/www.instagram.com\/faisrl.materialelettrico\/\" target=\"_blank\" rel=\"noopener\">Instagram<\/a>.<\/p>\n<table border=\"0\" width=\"500\" align=\"center\">\n<tbody>\n<tr>\n<td>Spina:<\/td>\n<td>2P+T -16 A<\/td>\n<\/tr>\n<tr>\n<td>Prese:<\/td>\n<td>4 universali 2P+T &#8211; 10\/16 A 1 bivalenti 2P+T &#8211; 10\/16 A con interruttore protezione sovraccarico<\/td>\n<\/tr>\n<tr>\n<td>Alveoli:<\/td>\n<td>protetti<\/td>\n<\/tr>\n<tr>\n<td>Cavo:<\/td>\n<td>H05VV-F 3G1 mm\u00b2<\/td>\n<\/tr>\n<tr>\n<td>Lunghezza cavo:<\/td>\n<td>2 mt<\/td>\n<\/tr>\n<tr>\n<td>Corpo:<\/td>\n<td>PPL non infiammabile<\/td>\n<\/tr>\n<tr>\n<td>Potenza massima:<\/td>\n<td>3500 W<\/td>\n<\/tr>\n<tr>\n<td>Tensione nominale:<\/td>\n<td>230 Vac<\/td>\n<\/tr>\n<tr>\n<td>Note:<\/td>\n<td>2 connessioni USB<\/td>\n<\/tr>\n<\/tbody>\n<\/table>\n","protected":false},"excerpt":{"rendered":"<p><img decoding=\"async\" class=\"alignnone size-full wp-image-23297\" src=\"http:\/\/www.fai-srl.com\/shop\/wp-content\/uploads\/2020\/12\/ce-1-e1607738054844.jpg\" alt=\"\" width=\"60\" height=\"60\" \/><\/p>\n","protected":false},"featured_media":24175,"template":"","meta":[],"product_cat":[510],"product_tag":[],"class_list":{"0":"post-24169","1":"product","2":"type-product","3":"status-publish","4":"has-post-thumbnail","6":"product_cat-prese-multiprese-spine-e-prolunghe","8":"first","9":"instock","10":"taxable","11":"shipping-taxable","12":"purchasable","13":"product-type-variable"},"yoast_head":"<!-- This site is optimized with the Yoast SEO plugin v26.2 - https:\/\/yoast.com\/wordpress\/plugins\/seo\/ -->\n<title>Multipresa da tavolo con 2 USB con protezione - FAI SRL<\/title>\n<meta name=\"description\" content=\"Multipresa da tavolo con 2 USB, interruttore ONOFF e protezione sovraccarico, 4 prese universali 16A ,1 presa bivalente 16A. Cavo di 2 metri.\" \/>\n<meta name=\"robots\" content=\"index, follow, max-snippet:-1, max-image-preview:large, max-video-preview:-1\" \/>\n<link rel=\"canonical\" href=\"https:\/\/www.fai-srl.com\/shop\/product\/multipresa-da-tavolo-con-2-usb-con-protezione\/\" \/>\n<meta property=\"og:locale\" content=\"it_IT\" \/>\n<meta property=\"og:type\" content=\"article\" \/>\n<meta property=\"og:title\" content=\"Multipresa da tavolo con 2 USB con protezione - FAI SRL\" \/>\n<meta property=\"og:description\" content=\"Multipresa da tavolo con 2 USB, interruttore ONOFF e protezione sovraccarico, 4 prese universali 16A ,1 presa bivalente 16A. Cavo di 2 metri.\" \/>\n<meta property=\"og:url\" content=\"https:\/\/www.fai-srl.com\/shop\/product\/multipresa-da-tavolo-con-2-usb-con-protezione\/\" \/>\n<meta property=\"og:site_name\" content=\"FAI SRL\" \/>\n<meta property=\"article:modified_time\" content=\"2026-02-27T18:32:32+00:00\" \/>\n<meta property=\"og:image\" content=\"https:\/\/www.fai-srl.com\/shop\/wp-content\/uploads\/2020\/12\/8019_GR.jpg\" \/>\n\t<meta property=\"og:image:width\" content=\"600\" \/>\n\t<meta property=\"og:image:height\" content=\"600\" \/>\n\t<meta property=\"og:image:type\" content=\"image\/jpeg\" \/>\n<meta name=\"twitter:card\" content=\"summary_large_image\" \/>\n<meta name=\"twitter:label1\" content=\"Tempo di lettura stimato\" \/>\n\t<meta name=\"twitter:data1\" content=\"2 minuti\" \/>\n<script type=\"application\/ld+json\" class=\"yoast-schema-graph\">{\"@context\":\"https:\/\/schema.org\",\"@graph\":[{\"@type\":\"WebPage\",\"@id\":\"https:\/\/www.fai-srl.com\/shop\/product\/multipresa-da-tavolo-con-2-usb-con-protezione\/\",\"url\":\"https:\/\/www.fai-srl.com\/shop\/product\/multipresa-da-tavolo-con-2-usb-con-protezione\/\",\"name\":\"Multipresa da tavolo con 2 USB con protezione - FAI SRL\",\"isPartOf\":{\"@id\":\"https:\/\/www.fai-srl.com\/shop\/#website\"},\"primaryImageOfPage\":{\"@id\":\"https:\/\/www.fai-srl.com\/shop\/product\/multipresa-da-tavolo-con-2-usb-con-protezione\/#primaryimage\"},\"image\":{\"@id\":\"https:\/\/www.fai-srl.com\/shop\/product\/multipresa-da-tavolo-con-2-usb-con-protezione\/#primaryimage\"},\"thumbnailUrl\":\"https:\/\/www.fai-srl.com\/shop\/wp-content\/uploads\/2020\/12\/8019_GR.jpg\",\"datePublished\":\"2020-12-15T16:34:29+00:00\",\"dateModified\":\"2026-02-27T18:32:32+00:00\",\"description\":\"Multipresa da tavolo con 2 USB, interruttore ON\\\\OFF e protezione sovraccarico, 4 prese universali 16A ,1 presa bivalente 16A. Cavo di 2 metri.\",\"breadcrumb\":{\"@id\":\"https:\/\/www.fai-srl.com\/shop\/product\/multipresa-da-tavolo-con-2-usb-con-protezione\/#breadcrumb\"},\"inLanguage\":\"it-IT\",\"potentialAction\":[{\"@type\":\"ReadAction\",\"target\":[\"https:\/\/www.fai-srl.com\/shop\/product\/multipresa-da-tavolo-con-2-usb-con-protezione\/\"]}]},{\"@type\":\"ImageObject\",\"inLanguage\":\"it-IT\",\"@id\":\"https:\/\/www.fai-srl.com\/shop\/product\/multipresa-da-tavolo-con-2-usb-con-protezione\/#primaryimage\",\"url\":\"https:\/\/www.fai-srl.com\/shop\/wp-content\/uploads\/2020\/12\/8019_GR.jpg\",\"contentUrl\":\"https:\/\/www.fai-srl.com\/shop\/wp-content\/uploads\/2020\/12\/8019_GR.jpg\",\"width\":600,\"height\":600,\"caption\":\"Multipresa da tavolo 2 USB\"},{\"@type\":\"BreadcrumbList\",\"@id\":\"https:\/\/www.fai-srl.com\/shop\/product\/multipresa-da-tavolo-con-2-usb-con-protezione\/#breadcrumb\",\"itemListElement\":[{\"@type\":\"ListItem\",\"position\":1,\"name\":\"Home\",\"item\":\"https:\/\/www.fai-srl.com\/shop\/\"},{\"@type\":\"ListItem\",\"position\":2,\"name\":\"Prodotti FAI Srl\",\"item\":\"https:\/\/www.fai-srl.com\/shop\/?page_id=4775\"},{\"@type\":\"ListItem\",\"position\":3,\"name\":\"Multipresa da tavolo con 2 USB con protezione\"}]},{\"@type\":\"WebSite\",\"@id\":\"https:\/\/www.fai-srl.com\/shop\/#website\",\"url\":\"https:\/\/www.fai-srl.com\/shop\/\",\"name\":\"FAI SRL\",\"description\":\"Light Up your Creativity\",\"publisher\":{\"@id\":\"https:\/\/www.fai-srl.com\/shop\/#organization\"},\"potentialAction\":[{\"@type\":\"SearchAction\",\"target\":{\"@type\":\"EntryPoint\",\"urlTemplate\":\"https:\/\/www.fai-srl.com\/shop\/?s={search_term_string}\"},\"query-input\":{\"@type\":\"PropertyValueSpecification\",\"valueRequired\":true,\"valueName\":\"search_term_string\"}}],\"inLanguage\":\"it-IT\"},{\"@type\":\"Organization\",\"@id\":\"https:\/\/www.fai-srl.com\/shop\/#organization\",\"name\":\"FAI SRL\",\"url\":\"https:\/\/www.fai-srl.com\/shop\/\",\"logo\":{\"@type\":\"ImageObject\",\"inLanguage\":\"it-IT\",\"@id\":\"https:\/\/www.fai-srl.com\/shop\/#\/schema\/logo\/image\/\",\"url\":\"http:\/\/www.fai-srl.com\/shop\/wp-content\/uploads\/2018\/10\/fai_logo.jpg\",\"contentUrl\":\"http:\/\/www.fai-srl.com\/shop\/wp-content\/uploads\/2018\/10\/fai_logo.jpg\",\"width\":300,\"height\":132,\"caption\":\"FAI SRL\"},\"image\":{\"@id\":\"https:\/\/www.fai-srl.com\/shop\/#\/schema\/logo\/image\/\"}}]}<\/script>\n<!-- \/ Yoast SEO plugin. -->","yoast_head_json":{"title":"Multipresa da tavolo con 2 USB con protezione - FAI SRL","description":"Multipresa da tavolo con 2 USB, interruttore ONOFF e protezione sovraccarico, 4 prese universali 16A ,1 presa bivalente 16A. Cavo di 2 metri.","robots":{"index":"index","follow":"follow","max-snippet":"max-snippet:-1","max-image-preview":"max-image-preview:large","max-video-preview":"max-video-preview:-1"},"canonical":"https:\/\/www.fai-srl.com\/shop\/product\/multipresa-da-tavolo-con-2-usb-con-protezione\/","og_locale":"it_IT","og_type":"article","og_title":"Multipresa da tavolo con 2 USB con protezione - FAI SRL","og_description":"Multipresa da tavolo con 2 USB, interruttore ONOFF e protezione sovraccarico, 4 prese universali 16A ,1 presa bivalente 16A. Cavo di 2 metri.","og_url":"https:\/\/www.fai-srl.com\/shop\/product\/multipresa-da-tavolo-con-2-usb-con-protezione\/","og_site_name":"FAI SRL","article_modified_time":"2026-02-27T18:32:32+00:00","og_image":[{"width":600,"height":600,"url":"https:\/\/www.fai-srl.com\/shop\/wp-content\/uploads\/2020\/12\/8019_GR.jpg","type":"image\/jpeg"}],"twitter_card":"summary_large_image","twitter_misc":{"Tempo di lettura stimato":"2 minuti"},"schema":{"@context":"https:\/\/schema.org","@graph":[{"@type":"WebPage","@id":"https:\/\/www.fai-srl.com\/shop\/product\/multipresa-da-tavolo-con-2-usb-con-protezione\/","url":"https:\/\/www.fai-srl.com\/shop\/product\/multipresa-da-tavolo-con-2-usb-con-protezione\/","name":"Multipresa da tavolo con 2 USB con protezione - FAI SRL","isPartOf":{"@id":"https:\/\/www.fai-srl.com\/shop\/#website"},"primaryImageOfPage":{"@id":"https:\/\/www.fai-srl.com\/shop\/product\/multipresa-da-tavolo-con-2-usb-con-protezione\/#primaryimage"},"image":{"@id":"https:\/\/www.fai-srl.com\/shop\/product\/multipresa-da-tavolo-con-2-usb-con-protezione\/#primaryimage"},"thumbnailUrl":"https:\/\/www.fai-srl.com\/shop\/wp-content\/uploads\/2020\/12\/8019_GR.jpg","datePublished":"2020-12-15T16:34:29+00:00","dateModified":"2026-02-27T18:32:32+00:00","description":"Multipresa da tavolo con 2 USB, interruttore ON\\OFF e protezione sovraccarico, 4 prese universali 16A ,1 presa bivalente 16A. Cavo di 2 metri.","breadcrumb":{"@id":"https:\/\/www.fai-srl.com\/shop\/product\/multipresa-da-tavolo-con-2-usb-con-protezione\/#breadcrumb"},"inLanguage":"it-IT","potentialAction":[{"@type":"ReadAction","target":["https:\/\/www.fai-srl.com\/shop\/product\/multipresa-da-tavolo-con-2-usb-con-protezione\/"]}]},{"@type":"ImageObject","inLanguage":"it-IT","@id":"https:\/\/www.fai-srl.com\/shop\/product\/multipresa-da-tavolo-con-2-usb-con-protezione\/#primaryimage","url":"https:\/\/www.fai-srl.com\/shop\/wp-content\/uploads\/2020\/12\/8019_GR.jpg","contentUrl":"https:\/\/www.fai-srl.com\/shop\/wp-content\/uploads\/2020\/12\/8019_GR.jpg","width":600,"height":600,"caption":"Multipresa da tavolo 2 USB"},{"@type":"BreadcrumbList","@id":"https:\/\/www.fai-srl.com\/shop\/product\/multipresa-da-tavolo-con-2-usb-con-protezione\/#breadcrumb","itemListElement":[{"@type":"ListItem","position":1,"name":"Home","item":"https:\/\/www.fai-srl.com\/shop\/"},{"@type":"ListItem","position":2,"name":"Prodotti FAI Srl","item":"https:\/\/www.fai-srl.com\/shop\/?page_id=4775"},{"@type":"ListItem","position":3,"name":"Multipresa da tavolo con 2 USB con protezione"}]},{"@type":"WebSite","@id":"https:\/\/www.fai-srl.com\/shop\/#website","url":"https:\/\/www.fai-srl.com\/shop\/","name":"FAI SRL","description":"Light Up your Creativity","publisher":{"@id":"https:\/\/www.fai-srl.com\/shop\/#organization"},"potentialAction":[{"@type":"SearchAction","target":{"@type":"EntryPoint","urlTemplate":"https:\/\/www.fai-srl.com\/shop\/?s={search_term_string}"},"query-input":{"@type":"PropertyValueSpecification","valueRequired":true,"valueName":"search_term_string"}}],"inLanguage":"it-IT"},{"@type":"Organization","@id":"https:\/\/www.fai-srl.com\/shop\/#organization","name":"FAI SRL","url":"https:\/\/www.fai-srl.com\/shop\/","logo":{"@type":"ImageObject","inLanguage":"it-IT","@id":"https:\/\/www.fai-srl.com\/shop\/#\/schema\/logo\/image\/","url":"http:\/\/www.fai-srl.com\/shop\/wp-content\/uploads\/2018\/10\/fai_logo.jpg","contentUrl":"http:\/\/www.fai-srl.com\/shop\/wp-content\/uploads\/2018\/10\/fai_logo.jpg","width":300,"height":132,"caption":"FAI SRL"},"image":{"@id":"https:\/\/www.fai-srl.com\/shop\/#\/schema\/logo\/image\/"}}]}},"_links":{"self":[{"href":"https:\/\/www.fai-srl.com\/shop\/wp-json\/wp\/v2\/product\/24169","targetHints":{"allow":["GET"]}}],"collection":[{"href":"https:\/\/www.fai-srl.com\/shop\/wp-json\/wp\/v2\/product"}],"about":[{"href":"https:\/\/www.fai-srl.com\/shop\/wp-json\/wp\/v2\/types\/product"}],"version-history":[{"count":3,"href":"https:\/\/www.fai-srl.com\/shop\/wp-json\/wp\/v2\/product\/24169\/revisions"}],"predecessor-version":[{"id":30401,"href":"https:\/\/www.fai-srl.com\/shop\/wp-json\/wp\/v2\/product\/24169\/revisions\/30401"}],"wp:featuredmedia":[{"embeddable":true,"href":"https:\/\/www.fai-srl.com\/shop\/wp-json\/wp\/v2\/media\/24175"}],"wp:attachment":[{"href":"https:\/\/www.fai-srl.com\/shop\/wp-json\/wp\/v2\/media?parent=24169"}],"wp:term":[{"taxonomy":"product_cat","embeddable":true,"href":"https:\/\/www.fai-srl.com\/shop\/wp-json\/wp\/v2\/product_cat?post=24169"},{"taxonomy":"product_tag","embeddable":true,"href":"https:\/\/www.fai-srl.com\/shop\/wp-json\/wp\/v2\/product_tag?post=24169"}],"curies":[{"name":"wp","href":"https:\/\/api.w.org\/{rel}","templated":true}]}}