{"id":23588,"date":"2020-12-13T00:45:30","date_gmt":"2020-12-12T23:45:30","guid":{"rendered":"http:\/\/www.fai-srl.com\/shop\/?post_type=product&#038;p=23588"},"modified":"2026-02-27T19:32:13","modified_gmt":"2026-02-27T18:32:13","slug":"testa-flessibile-intercambiabile","status":"publish","type":"product","link":"https:\/\/www.fai-srl.com\/shop\/product\/testa-flessibile-intercambiabile\/","title":{"rendered":"Testa flessibile intercambiabile"},"content":{"rendered":"<p><strong>Testa flessibile intercambiabile<\/strong><\/p>\n<p style=\"text-align: justify;\">Nella categoria degli impianti civili, tra i nostri articoli non possono certo mancare le sonde passafilo. Il loro uso viene prevalentemente impiegato per facilitare l&#8217;inserimento di cavi elettrici all&#8217;interno di tubi. Si tratta di un prodotto indispensabile per ogni elettricista.<\/p>\n<p style=\"text-align: justify;\"><span class=\"ILfuVd\"><span class=\"hgKElc\">La sonda passafilo, \u00e8 un lungo cavo di fibra flessibile con un&#8217;estremit\u00e0 dotata di occhiello arrotondato e all&#8217;altra un terminale elastico. \u00c8 un dispositivo pensato per evitare sforzi eccessivi nel passare i cavi all&#8217;interno di tubi, consentendo di tirarli da una scatola elettrica all&#8217;altra.<br \/>\n<\/span><\/span><\/p>\n<p style=\"text-align: justify;\">La testa flessibile intercambiabile, \u00e8 un accessorio da utilizzare con le sonde passafilo.<\/p>\n<p style=\"text-align: justify;\">Questo articolo possiede il marchio CE, che garantisce la conformit\u00e0 del prodotto a tutte le disposizioni della Comunit\u00e0 Europea che prevedono il suo utilizzo dalla progettazione, alla messa in servizio fino allo smaltimento.<\/p>\n<p style=\"text-align: justify;\">Se dovessi aver bisogno di maggiori informazioni relative a questo prodotto o necessiti di un&#8217;offerta personalizzata <a href=\"https:\/\/www.fai-srl.com\/contatti\/\" target=\"_blank\" rel=\"noopener\">contattaci<\/a>!<\/p>\n<p style=\"text-align: justify;\">Rimani aggiornato sui nostri prodotti, seguici sui nostri canali social <a href=\"https:\/\/www.facebook.com\/faisrl.materialelettrico\/\" target=\"_blank\" rel=\"noopener\">Facebook<\/a> e <a href=\"https:\/\/www.instagram.com\/faisrl.materialelettrico\/\" target=\"_blank\" rel=\"noopener\">Instagram<\/a>.<\/p>\n<table border=\"0\" width=\"500\" align=\"center\">\n<tbody>\n<tr>\n<td>Da utilizzare con:<\/td>\n<td>&#8211; art. 6050<\/td>\n<\/tr>\n<tr>\n<td><\/td>\n<td>&#8211; art. 6051<\/td>\n<\/tr>\n<tr>\n<td><\/td>\n<td>&#8211; art. 6052<\/td>\n<\/tr>\n<tr>\n<td><\/td>\n<td>&#8211; art. 6053<\/td>\n<\/tr>\n<tr>\n<td><\/td>\n<td>&#8211; art. 6054<\/td>\n<\/tr>\n<\/tbody>\n<\/table>\n","protected":false},"excerpt":{"rendered":"<p>Testa flessibile intercambiabile Nella categoria degli impianti civili, tra i nostri articoli non possono certo mancare le sonde passafilo. Il loro uso viene prevalentemente impiegato per facilitare l&#8217;inserimento di cavi elettrici all&#8217;interno di tubi. Si tratta di un prodotto indispensabile per ogni elettricista. La sonda passafilo, \u00e8 un lungo cavo di fibra flessibile con un&#8217;estremit\u00e0 &hellip; <\/p>\n<p class=\"link-more\"><a href=\"https:\/\/www.fai-srl.com\/shop\/product\/testa-flessibile-intercambiabile\/\" class=\"more-link\">Read More <span class=\"screen-reader-text\"> &#8220;Testa flessibile intercambiabile&#8221;<\/span><\/a><\/p>\n","protected":false},"featured_media":23594,"template":"","meta":[],"product_cat":[509],"product_tag":[],"class_list":{"0":"post-23588","1":"product","2":"type-product","3":"status-publish","4":"has-post-thumbnail","6":"product_cat-impianti-civili","8":"first","9":"instock","10":"taxable","11":"shipping-taxable","12":"purchasable","13":"product-type-simple"},"yoast_head":"<!-- This site is optimized with the Yoast SEO plugin v26.2 - https:\/\/yoast.com\/wordpress\/plugins\/seo\/ -->\n<title>Testa flessibile intercambiabile - FAI SRL<\/title>\n<meta name=\"description\" content=\"Testa flessibile intercambiabile per sonda passafilo. Visita il nostro sito e scopri tutti i nostri prodotti!\" \/>\n<meta name=\"robots\" content=\"index, follow, max-snippet:-1, max-image-preview:large, max-video-preview:-1\" \/>\n<link rel=\"canonical\" href=\"https:\/\/www.fai-srl.com\/shop\/product\/testa-flessibile-intercambiabile\/\" \/>\n<meta property=\"og:locale\" content=\"it_IT\" \/>\n<meta property=\"og:type\" content=\"article\" \/>\n<meta property=\"og:title\" content=\"Testa flessibile intercambiabile - FAI SRL\" \/>\n<meta property=\"og:description\" content=\"Testa flessibile intercambiabile per sonda passafilo. Visita il nostro sito e scopri tutti i nostri prodotti!\" \/>\n<meta property=\"og:url\" content=\"https:\/\/www.fai-srl.com\/shop\/product\/testa-flessibile-intercambiabile\/\" \/>\n<meta property=\"og:site_name\" content=\"FAI SRL\" \/>\n<meta property=\"article:modified_time\" content=\"2026-02-27T18:32:13+00:00\" \/>\n<meta property=\"og:image\" content=\"https:\/\/www.fai-srl.com\/shop\/wp-content\/uploads\/2020\/12\/6081.jpg\" \/>\n\t<meta property=\"og:image:width\" content=\"600\" \/>\n\t<meta property=\"og:image:height\" content=\"600\" \/>\n\t<meta property=\"og:image:type\" content=\"image\/jpeg\" \/>\n<meta name=\"twitter:card\" content=\"summary_large_image\" \/>\n<meta name=\"twitter:label1\" content=\"Tempo di lettura stimato\" \/>\n\t<meta name=\"twitter:data1\" content=\"1 minuto\" \/>\n<script type=\"application\/ld+json\" class=\"yoast-schema-graph\">{\"@context\":\"https:\/\/schema.org\",\"@graph\":[{\"@type\":\"WebPage\",\"@id\":\"https:\/\/www.fai-srl.com\/shop\/product\/testa-flessibile-intercambiabile\/\",\"url\":\"https:\/\/www.fai-srl.com\/shop\/product\/testa-flessibile-intercambiabile\/\",\"name\":\"Testa flessibile intercambiabile - FAI SRL\",\"isPartOf\":{\"@id\":\"https:\/\/www.fai-srl.com\/shop\/#website\"},\"primaryImageOfPage\":{\"@id\":\"https:\/\/www.fai-srl.com\/shop\/product\/testa-flessibile-intercambiabile\/#primaryimage\"},\"image\":{\"@id\":\"https:\/\/www.fai-srl.com\/shop\/product\/testa-flessibile-intercambiabile\/#primaryimage\"},\"thumbnailUrl\":\"https:\/\/www.fai-srl.com\/shop\/wp-content\/uploads\/2020\/12\/6081.jpg\",\"datePublished\":\"2020-12-12T23:45:30+00:00\",\"dateModified\":\"2026-02-27T18:32:13+00:00\",\"description\":\"Testa flessibile intercambiabile per sonda passafilo. Visita il nostro sito e scopri tutti i nostri prodotti!\",\"breadcrumb\":{\"@id\":\"https:\/\/www.fai-srl.com\/shop\/product\/testa-flessibile-intercambiabile\/#breadcrumb\"},\"inLanguage\":\"it-IT\",\"potentialAction\":[{\"@type\":\"ReadAction\",\"target\":[\"https:\/\/www.fai-srl.com\/shop\/product\/testa-flessibile-intercambiabile\/\"]}]},{\"@type\":\"ImageObject\",\"inLanguage\":\"it-IT\",\"@id\":\"https:\/\/www.fai-srl.com\/shop\/product\/testa-flessibile-intercambiabile\/#primaryimage\",\"url\":\"https:\/\/www.fai-srl.com\/shop\/wp-content\/uploads\/2020\/12\/6081.jpg\",\"contentUrl\":\"https:\/\/www.fai-srl.com\/shop\/wp-content\/uploads\/2020\/12\/6081.jpg\",\"width\":600,\"height\":600,\"caption\":\"testa flessibile intercambiabile\"},{\"@type\":\"BreadcrumbList\",\"@id\":\"https:\/\/www.fai-srl.com\/shop\/product\/testa-flessibile-intercambiabile\/#breadcrumb\",\"itemListElement\":[{\"@type\":\"ListItem\",\"position\":1,\"name\":\"Home\",\"item\":\"https:\/\/www.fai-srl.com\/shop\/\"},{\"@type\":\"ListItem\",\"position\":2,\"name\":\"Prodotti FAI Srl\",\"item\":\"https:\/\/www.fai-srl.com\/shop\/?page_id=4775\"},{\"@type\":\"ListItem\",\"position\":3,\"name\":\"Testa flessibile intercambiabile\"}]},{\"@type\":\"WebSite\",\"@id\":\"https:\/\/www.fai-srl.com\/shop\/#website\",\"url\":\"https:\/\/www.fai-srl.com\/shop\/\",\"name\":\"FAI SRL\",\"description\":\"Light Up your Creativity\",\"publisher\":{\"@id\":\"https:\/\/www.fai-srl.com\/shop\/#organization\"},\"potentialAction\":[{\"@type\":\"SearchAction\",\"target\":{\"@type\":\"EntryPoint\",\"urlTemplate\":\"https:\/\/www.fai-srl.com\/shop\/?s={search_term_string}\"},\"query-input\":{\"@type\":\"PropertyValueSpecification\",\"valueRequired\":true,\"valueName\":\"search_term_string\"}}],\"inLanguage\":\"it-IT\"},{\"@type\":\"Organization\",\"@id\":\"https:\/\/www.fai-srl.com\/shop\/#organization\",\"name\":\"FAI SRL\",\"url\":\"https:\/\/www.fai-srl.com\/shop\/\",\"logo\":{\"@type\":\"ImageObject\",\"inLanguage\":\"it-IT\",\"@id\":\"https:\/\/www.fai-srl.com\/shop\/#\/schema\/logo\/image\/\",\"url\":\"http:\/\/www.fai-srl.com\/shop\/wp-content\/uploads\/2018\/10\/fai_logo.jpg\",\"contentUrl\":\"http:\/\/www.fai-srl.com\/shop\/wp-content\/uploads\/2018\/10\/fai_logo.jpg\",\"width\":300,\"height\":132,\"caption\":\"FAI SRL\"},\"image\":{\"@id\":\"https:\/\/www.fai-srl.com\/shop\/#\/schema\/logo\/image\/\"}}]}<\/script>\n<!-- \/ Yoast SEO plugin. -->","yoast_head_json":{"title":"Testa flessibile intercambiabile - FAI SRL","description":"Testa flessibile intercambiabile per sonda passafilo. Visita il nostro sito e scopri tutti i nostri prodotti!","robots":{"index":"index","follow":"follow","max-snippet":"max-snippet:-1","max-image-preview":"max-image-preview:large","max-video-preview":"max-video-preview:-1"},"canonical":"https:\/\/www.fai-srl.com\/shop\/product\/testa-flessibile-intercambiabile\/","og_locale":"it_IT","og_type":"article","og_title":"Testa flessibile intercambiabile - FAI SRL","og_description":"Testa flessibile intercambiabile per sonda passafilo. Visita il nostro sito e scopri tutti i nostri prodotti!","og_url":"https:\/\/www.fai-srl.com\/shop\/product\/testa-flessibile-intercambiabile\/","og_site_name":"FAI SRL","article_modified_time":"2026-02-27T18:32:13+00:00","og_image":[{"width":600,"height":600,"url":"https:\/\/www.fai-srl.com\/shop\/wp-content\/uploads\/2020\/12\/6081.jpg","type":"image\/jpeg"}],"twitter_card":"summary_large_image","twitter_misc":{"Tempo di lettura stimato":"1 minuto"},"schema":{"@context":"https:\/\/schema.org","@graph":[{"@type":"WebPage","@id":"https:\/\/www.fai-srl.com\/shop\/product\/testa-flessibile-intercambiabile\/","url":"https:\/\/www.fai-srl.com\/shop\/product\/testa-flessibile-intercambiabile\/","name":"Testa flessibile intercambiabile - FAI SRL","isPartOf":{"@id":"https:\/\/www.fai-srl.com\/shop\/#website"},"primaryImageOfPage":{"@id":"https:\/\/www.fai-srl.com\/shop\/product\/testa-flessibile-intercambiabile\/#primaryimage"},"image":{"@id":"https:\/\/www.fai-srl.com\/shop\/product\/testa-flessibile-intercambiabile\/#primaryimage"},"thumbnailUrl":"https:\/\/www.fai-srl.com\/shop\/wp-content\/uploads\/2020\/12\/6081.jpg","datePublished":"2020-12-12T23:45:30+00:00","dateModified":"2026-02-27T18:32:13+00:00","description":"Testa flessibile intercambiabile per sonda passafilo. Visita il nostro sito e scopri tutti i nostri prodotti!","breadcrumb":{"@id":"https:\/\/www.fai-srl.com\/shop\/product\/testa-flessibile-intercambiabile\/#breadcrumb"},"inLanguage":"it-IT","potentialAction":[{"@type":"ReadAction","target":["https:\/\/www.fai-srl.com\/shop\/product\/testa-flessibile-intercambiabile\/"]}]},{"@type":"ImageObject","inLanguage":"it-IT","@id":"https:\/\/www.fai-srl.com\/shop\/product\/testa-flessibile-intercambiabile\/#primaryimage","url":"https:\/\/www.fai-srl.com\/shop\/wp-content\/uploads\/2020\/12\/6081.jpg","contentUrl":"https:\/\/www.fai-srl.com\/shop\/wp-content\/uploads\/2020\/12\/6081.jpg","width":600,"height":600,"caption":"testa flessibile intercambiabile"},{"@type":"BreadcrumbList","@id":"https:\/\/www.fai-srl.com\/shop\/product\/testa-flessibile-intercambiabile\/#breadcrumb","itemListElement":[{"@type":"ListItem","position":1,"name":"Home","item":"https:\/\/www.fai-srl.com\/shop\/"},{"@type":"ListItem","position":2,"name":"Prodotti FAI Srl","item":"https:\/\/www.fai-srl.com\/shop\/?page_id=4775"},{"@type":"ListItem","position":3,"name":"Testa flessibile intercambiabile"}]},{"@type":"WebSite","@id":"https:\/\/www.fai-srl.com\/shop\/#website","url":"https:\/\/www.fai-srl.com\/shop\/","name":"FAI SRL","description":"Light Up your Creativity","publisher":{"@id":"https:\/\/www.fai-srl.com\/shop\/#organization"},"potentialAction":[{"@type":"SearchAction","target":{"@type":"EntryPoint","urlTemplate":"https:\/\/www.fai-srl.com\/shop\/?s={search_term_string}"},"query-input":{"@type":"PropertyValueSpecification","valueRequired":true,"valueName":"search_term_string"}}],"inLanguage":"it-IT"},{"@type":"Organization","@id":"https:\/\/www.fai-srl.com\/shop\/#organization","name":"FAI SRL","url":"https:\/\/www.fai-srl.com\/shop\/","logo":{"@type":"ImageObject","inLanguage":"it-IT","@id":"https:\/\/www.fai-srl.com\/shop\/#\/schema\/logo\/image\/","url":"http:\/\/www.fai-srl.com\/shop\/wp-content\/uploads\/2018\/10\/fai_logo.jpg","contentUrl":"http:\/\/www.fai-srl.com\/shop\/wp-content\/uploads\/2018\/10\/fai_logo.jpg","width":300,"height":132,"caption":"FAI SRL"},"image":{"@id":"https:\/\/www.fai-srl.com\/shop\/#\/schema\/logo\/image\/"}}]}},"_links":{"self":[{"href":"https:\/\/www.fai-srl.com\/shop\/wp-json\/wp\/v2\/product\/23588","targetHints":{"allow":["GET"]}}],"collection":[{"href":"https:\/\/www.fai-srl.com\/shop\/wp-json\/wp\/v2\/product"}],"about":[{"href":"https:\/\/www.fai-srl.com\/shop\/wp-json\/wp\/v2\/types\/product"}],"version-history":[{"count":5,"href":"https:\/\/www.fai-srl.com\/shop\/wp-json\/wp\/v2\/product\/23588\/revisions"}],"predecessor-version":[{"id":31546,"href":"https:\/\/www.fai-srl.com\/shop\/wp-json\/wp\/v2\/product\/23588\/revisions\/31546"}],"wp:featuredmedia":[{"embeddable":true,"href":"https:\/\/www.fai-srl.com\/shop\/wp-json\/wp\/v2\/media\/23594"}],"wp:attachment":[{"href":"https:\/\/www.fai-srl.com\/shop\/wp-json\/wp\/v2\/media?parent=23588"}],"wp:term":[{"taxonomy":"product_cat","embeddable":true,"href":"https:\/\/www.fai-srl.com\/shop\/wp-json\/wp\/v2\/product_cat?post=23588"},{"taxonomy":"product_tag","embeddable":true,"href":"https:\/\/www.fai-srl.com\/shop\/wp-json\/wp\/v2\/product_tag?post=23588"}],"curies":[{"name":"wp","href":"https:\/\/api.w.org\/{rel}","templated":true}]}}