{"id":22834,"date":"2020-12-08T01:09:22","date_gmt":"2020-12-08T00:09:22","guid":{"rendered":"http:\/\/www.fai-srl.com\/shop\/?post_type=product&#038;p=22834"},"modified":"2026-02-27T19:31:45","modified_gmt":"2026-02-27T18:31:45","slug":"plafoniera-7","status":"publish","type":"product","link":"https:\/\/www.fai-srl.com\/shop\/product\/plafoniera-7\/","title":{"rendered":"Plafoniera"},"content":{"rendered":"<p><strong>Plafoniera di 60 Watt<\/strong><\/p>\n<p>La plafoniera, dal francese \u201cplafonnier\u201d, risulta una lampada da soffitto senza cavi o supporti di sostegno, da installare su soffitti o anche pareti.<br \/>\nGrazie alla sua dimensione compatta, alla facilit\u00e0 di montaggio, alla qualit\u00e0 dell&#8217;illuminazione, ai bassi consumi, all&#8217;estetica moderna e alla versatilit\u00e0 di impiego, la plafoniera \u00e8 una tra le soluzioni pi\u00f9 diffuse rispetto al tradizionale lampadario.<\/p>\n<p>Questa plafoniera ha una potenza di 60W. \u00c8 ideale per essere appesa al soffitto o alla parete per poter illuminare il salotto o la camera da letto. Il materiale della base \u00e8 tecnopolimero, mentre le sue dimensioni sono: diametro 300 mm e 115 mm di altezza.<\/p>\n<p>Il principale vantaggio offerto dalle plafoniere che utilizzano la tecnologia LED \u00e8 la loro economicit\u00e0. Questo tipo di lampadine, infatti, dura molto di pi\u00f9 rispetto a quelle che utilizzano i filamenti a incandescenza; in aggiunta, i modelli pi\u00f9 recenti sono maggiormente ecosostenibili, in quanto hanno un impatto ambientale inferiore rispetto ad altri tipi di tecnologia.<\/p>\n<p>Innanzitutto questa plafoniera ha un grado di protezione di IP40 che assicura solo protezione contro corpi solidi di dimensioni superiori a 1mm.<\/p>\n<p>Questo articolo possiede il marchio CE, che garantisce la conformit\u00e0 del prodotto a tutte le disposizioni della Comunit\u00e0 Europea che prevedono il suo utilizzo dalla progettazione, alla messa in servizio fino allo smaltimento.<\/p>\n<p>Se dovessi aver bisogno di maggiori informazioni relative a questo prodotto o necessiti di un\u2019offerta personalizzata <a href=\"https:\/\/www.fai-srl.com\/contatti\/\" target=\"_blank\" rel=\"noopener\">contattaci<\/a>!<\/p>\n<p>Rimani aggiornato sui nostri prodotti, seguici sui nostri canali social <a href=\"https:\/\/www.facebook.com\/faisrl.materialelettrico\/\" target=\"_blank\" rel=\"noopener\">Facebook<\/a> e <a href=\"https:\/\/www.instagram.com\/faisrl.materialelettrico\/\" target=\"_blank\" rel=\"noopener\">Instagram<\/a>.<\/p>\n<table border=\"0\" width=\"500\" align=\"center\">\n<tbody>\n<tr>\n<td>Colore base:<\/td>\n<td>Bianca<\/td>\n<\/tr>\n<tr>\n<td>Materiale base:<\/td>\n<td>Tecnopolimero<\/td>\n<\/tr>\n<tr>\n<td>Colore diffusore:<\/td>\n<td>Trasparente<\/td>\n<\/tr>\n<tr>\n<td>Materiale diffusore:<\/td>\n<td>policarbonato<\/td>\n<\/tr>\n<tr>\n<td>Chiusura diffusore:<\/td>\n<td>1\/4 giro<\/td>\n<\/tr>\n<tr>\n<td>Grado di protezione:<\/td>\n<td>IP40<\/td>\n<\/tr>\n<tr>\n<td>Portalampade:<\/td>\n<td>E27 &#8211; 230Vac termoplastico<\/td>\n<\/tr>\n<tr>\n<td>Portata massima:<\/td>\n<td>60W<\/td>\n<\/tr>\n<tr>\n<td>Dimensioni:<\/td>\n<td>\u00f8300mm h. 115<\/td>\n<\/tr>\n<\/tbody>\n<\/table>\n","protected":false},"excerpt":{"rendered":"<p><img decoding=\"async\" class=\"alignnone size-full wp-image-21621\" src=\"http:\/\/www.fai-srl.com\/shop\/wp-content\/uploads\/2020\/11\/ce-8-e1606262910175.jpg\" alt=\"\" width=\"60\" height=\"60\" \/><img decoding=\"async\" class=\"alignnone size-full wp-image-31601\" src=\"http:\/\/www.fai-srl.com\/shop\/wp-content\/uploads\/2020\/11\/classe-2.png\" alt=\"\" width=\"60\" height=\"60\" \/><img decoding=\"async\" class=\"alignnone size-full wp-image-29718\" src=\"http:\/\/www.fai-srl.com\/shop\/wp-content\/uploads\/2020\/11\/rohs.-.png\" alt=\"\" width=\"93\" height=\"75\" \/><\/p>\n","protected":false},"featured_media":22835,"template":"","meta":[],"product_cat":[506],"product_tag":[],"class_list":{"0":"post-22834","1":"product","2":"type-product","3":"status-publish","4":"has-post-thumbnail","6":"product_cat-led","8":"first","9":"instock","10":"taxable","11":"shipping-taxable","12":"purchasable","13":"product-type-simple"},"yoast_head":"<!-- This site is optimized with the Yoast SEO plugin v26.2 - https:\/\/yoast.com\/wordpress\/plugins\/seo\/ -->\n<title>Plafoniera di 60 Watt, dimensioni \u00f8300mm h. 115 - FAI SRL<\/title>\n<meta name=\"description\" content=\"Plafoniera di 60 Watt, di dimensioni \u00f8300mm h. 115, certificazione CE, protezione IP40. Visita il nostro sito e scopri i nostri prodotti!\" \/>\n<meta name=\"robots\" content=\"index, follow, max-snippet:-1, max-image-preview:large, max-video-preview:-1\" \/>\n<link rel=\"canonical\" href=\"https:\/\/www.fai-srl.com\/shop\/product\/plafoniera-7\/\" \/>\n<meta property=\"og:locale\" content=\"it_IT\" \/>\n<meta property=\"og:type\" content=\"article\" \/>\n<meta property=\"og:title\" content=\"Plafoniera di 60 Watt, dimensioni \u00f8300mm h. 115 - FAI SRL\" \/>\n<meta property=\"og:description\" content=\"Plafoniera di 60 Watt, di dimensioni \u00f8300mm h. 115, certificazione CE, protezione IP40. Visita il nostro sito e scopri i nostri prodotti!\" \/>\n<meta property=\"og:url\" content=\"https:\/\/www.fai-srl.com\/shop\/product\/plafoniera-7\/\" \/>\n<meta property=\"og:site_name\" content=\"FAI SRL\" \/>\n<meta property=\"article:modified_time\" content=\"2026-02-27T18:31:45+00:00\" \/>\n<meta property=\"og:image\" content=\"https:\/\/www.fai-srl.com\/shop\/wp-content\/uploads\/2020\/12\/5234.jpg\" \/>\n\t<meta property=\"og:image:width\" content=\"600\" \/>\n\t<meta property=\"og:image:height\" content=\"600\" \/>\n\t<meta property=\"og:image:type\" content=\"image\/jpeg\" \/>\n<meta name=\"twitter:card\" content=\"summary_large_image\" \/>\n<meta name=\"twitter:label1\" content=\"Tempo di lettura stimato\" \/>\n\t<meta name=\"twitter:data1\" content=\"2 minuti\" \/>\n<script type=\"application\/ld+json\" class=\"yoast-schema-graph\">{\"@context\":\"https:\/\/schema.org\",\"@graph\":[{\"@type\":\"WebPage\",\"@id\":\"https:\/\/www.fai-srl.com\/shop\/product\/plafoniera-7\/\",\"url\":\"https:\/\/www.fai-srl.com\/shop\/product\/plafoniera-7\/\",\"name\":\"Plafoniera di 60 Watt, dimensioni \u00f8300mm h. 115 - FAI SRL\",\"isPartOf\":{\"@id\":\"https:\/\/www.fai-srl.com\/shop\/#website\"},\"primaryImageOfPage\":{\"@id\":\"https:\/\/www.fai-srl.com\/shop\/product\/plafoniera-7\/#primaryimage\"},\"image\":{\"@id\":\"https:\/\/www.fai-srl.com\/shop\/product\/plafoniera-7\/#primaryimage\"},\"thumbnailUrl\":\"https:\/\/www.fai-srl.com\/shop\/wp-content\/uploads\/2020\/12\/5234.jpg\",\"datePublished\":\"2020-12-08T00:09:22+00:00\",\"dateModified\":\"2026-02-27T18:31:45+00:00\",\"description\":\"Plafoniera di 60 Watt, di dimensioni \u00f8300mm h. 115, certificazione CE, protezione IP40. Visita il nostro sito e scopri i nostri prodotti!\",\"breadcrumb\":{\"@id\":\"https:\/\/www.fai-srl.com\/shop\/product\/plafoniera-7\/#breadcrumb\"},\"inLanguage\":\"it-IT\",\"potentialAction\":[{\"@type\":\"ReadAction\",\"target\":[\"https:\/\/www.fai-srl.com\/shop\/product\/plafoniera-7\/\"]}]},{\"@type\":\"ImageObject\",\"inLanguage\":\"it-IT\",\"@id\":\"https:\/\/www.fai-srl.com\/shop\/product\/plafoniera-7\/#primaryimage\",\"url\":\"https:\/\/www.fai-srl.com\/shop\/wp-content\/uploads\/2020\/12\/5234.jpg\",\"contentUrl\":\"https:\/\/www.fai-srl.com\/shop\/wp-content\/uploads\/2020\/12\/5234.jpg\",\"width\":600,\"height\":600,\"caption\":\"Plafoniera di 60\"},{\"@type\":\"BreadcrumbList\",\"@id\":\"https:\/\/www.fai-srl.com\/shop\/product\/plafoniera-7\/#breadcrumb\",\"itemListElement\":[{\"@type\":\"ListItem\",\"position\":1,\"name\":\"Home\",\"item\":\"https:\/\/www.fai-srl.com\/shop\/\"},{\"@type\":\"ListItem\",\"position\":2,\"name\":\"Prodotti FAI Srl\",\"item\":\"https:\/\/www.fai-srl.com\/shop\/?page_id=4775\"},{\"@type\":\"ListItem\",\"position\":3,\"name\":\"Plafoniera\"}]},{\"@type\":\"WebSite\",\"@id\":\"https:\/\/www.fai-srl.com\/shop\/#website\",\"url\":\"https:\/\/www.fai-srl.com\/shop\/\",\"name\":\"FAI SRL\",\"description\":\"Light Up your Creativity\",\"publisher\":{\"@id\":\"https:\/\/www.fai-srl.com\/shop\/#organization\"},\"potentialAction\":[{\"@type\":\"SearchAction\",\"target\":{\"@type\":\"EntryPoint\",\"urlTemplate\":\"https:\/\/www.fai-srl.com\/shop\/?s={search_term_string}\"},\"query-input\":{\"@type\":\"PropertyValueSpecification\",\"valueRequired\":true,\"valueName\":\"search_term_string\"}}],\"inLanguage\":\"it-IT\"},{\"@type\":\"Organization\",\"@id\":\"https:\/\/www.fai-srl.com\/shop\/#organization\",\"name\":\"FAI SRL\",\"url\":\"https:\/\/www.fai-srl.com\/shop\/\",\"logo\":{\"@type\":\"ImageObject\",\"inLanguage\":\"it-IT\",\"@id\":\"https:\/\/www.fai-srl.com\/shop\/#\/schema\/logo\/image\/\",\"url\":\"http:\/\/www.fai-srl.com\/shop\/wp-content\/uploads\/2018\/10\/fai_logo.jpg\",\"contentUrl\":\"http:\/\/www.fai-srl.com\/shop\/wp-content\/uploads\/2018\/10\/fai_logo.jpg\",\"width\":300,\"height\":132,\"caption\":\"FAI SRL\"},\"image\":{\"@id\":\"https:\/\/www.fai-srl.com\/shop\/#\/schema\/logo\/image\/\"}}]}<\/script>\n<!-- \/ Yoast SEO plugin. -->","yoast_head_json":{"title":"Plafoniera di 60 Watt, dimensioni \u00f8300mm h. 115 - FAI SRL","description":"Plafoniera di 60 Watt, di dimensioni \u00f8300mm h. 115, certificazione CE, protezione IP40. Visita il nostro sito e scopri i nostri prodotti!","robots":{"index":"index","follow":"follow","max-snippet":"max-snippet:-1","max-image-preview":"max-image-preview:large","max-video-preview":"max-video-preview:-1"},"canonical":"https:\/\/www.fai-srl.com\/shop\/product\/plafoniera-7\/","og_locale":"it_IT","og_type":"article","og_title":"Plafoniera di 60 Watt, dimensioni \u00f8300mm h. 115 - FAI SRL","og_description":"Plafoniera di 60 Watt, di dimensioni \u00f8300mm h. 115, certificazione CE, protezione IP40. Visita il nostro sito e scopri i nostri prodotti!","og_url":"https:\/\/www.fai-srl.com\/shop\/product\/plafoniera-7\/","og_site_name":"FAI SRL","article_modified_time":"2026-02-27T18:31:45+00:00","og_image":[{"width":600,"height":600,"url":"https:\/\/www.fai-srl.com\/shop\/wp-content\/uploads\/2020\/12\/5234.jpg","type":"image\/jpeg"}],"twitter_card":"summary_large_image","twitter_misc":{"Tempo di lettura stimato":"2 minuti"},"schema":{"@context":"https:\/\/schema.org","@graph":[{"@type":"WebPage","@id":"https:\/\/www.fai-srl.com\/shop\/product\/plafoniera-7\/","url":"https:\/\/www.fai-srl.com\/shop\/product\/plafoniera-7\/","name":"Plafoniera di 60 Watt, dimensioni \u00f8300mm h. 115 - FAI SRL","isPartOf":{"@id":"https:\/\/www.fai-srl.com\/shop\/#website"},"primaryImageOfPage":{"@id":"https:\/\/www.fai-srl.com\/shop\/product\/plafoniera-7\/#primaryimage"},"image":{"@id":"https:\/\/www.fai-srl.com\/shop\/product\/plafoniera-7\/#primaryimage"},"thumbnailUrl":"https:\/\/www.fai-srl.com\/shop\/wp-content\/uploads\/2020\/12\/5234.jpg","datePublished":"2020-12-08T00:09:22+00:00","dateModified":"2026-02-27T18:31:45+00:00","description":"Plafoniera di 60 Watt, di dimensioni \u00f8300mm h. 115, certificazione CE, protezione IP40. Visita il nostro sito e scopri i nostri prodotti!","breadcrumb":{"@id":"https:\/\/www.fai-srl.com\/shop\/product\/plafoniera-7\/#breadcrumb"},"inLanguage":"it-IT","potentialAction":[{"@type":"ReadAction","target":["https:\/\/www.fai-srl.com\/shop\/product\/plafoniera-7\/"]}]},{"@type":"ImageObject","inLanguage":"it-IT","@id":"https:\/\/www.fai-srl.com\/shop\/product\/plafoniera-7\/#primaryimage","url":"https:\/\/www.fai-srl.com\/shop\/wp-content\/uploads\/2020\/12\/5234.jpg","contentUrl":"https:\/\/www.fai-srl.com\/shop\/wp-content\/uploads\/2020\/12\/5234.jpg","width":600,"height":600,"caption":"Plafoniera di 60"},{"@type":"BreadcrumbList","@id":"https:\/\/www.fai-srl.com\/shop\/product\/plafoniera-7\/#breadcrumb","itemListElement":[{"@type":"ListItem","position":1,"name":"Home","item":"https:\/\/www.fai-srl.com\/shop\/"},{"@type":"ListItem","position":2,"name":"Prodotti FAI Srl","item":"https:\/\/www.fai-srl.com\/shop\/?page_id=4775"},{"@type":"ListItem","position":3,"name":"Plafoniera"}]},{"@type":"WebSite","@id":"https:\/\/www.fai-srl.com\/shop\/#website","url":"https:\/\/www.fai-srl.com\/shop\/","name":"FAI SRL","description":"Light Up your Creativity","publisher":{"@id":"https:\/\/www.fai-srl.com\/shop\/#organization"},"potentialAction":[{"@type":"SearchAction","target":{"@type":"EntryPoint","urlTemplate":"https:\/\/www.fai-srl.com\/shop\/?s={search_term_string}"},"query-input":{"@type":"PropertyValueSpecification","valueRequired":true,"valueName":"search_term_string"}}],"inLanguage":"it-IT"},{"@type":"Organization","@id":"https:\/\/www.fai-srl.com\/shop\/#organization","name":"FAI SRL","url":"https:\/\/www.fai-srl.com\/shop\/","logo":{"@type":"ImageObject","inLanguage":"it-IT","@id":"https:\/\/www.fai-srl.com\/shop\/#\/schema\/logo\/image\/","url":"http:\/\/www.fai-srl.com\/shop\/wp-content\/uploads\/2018\/10\/fai_logo.jpg","contentUrl":"http:\/\/www.fai-srl.com\/shop\/wp-content\/uploads\/2018\/10\/fai_logo.jpg","width":300,"height":132,"caption":"FAI SRL"},"image":{"@id":"https:\/\/www.fai-srl.com\/shop\/#\/schema\/logo\/image\/"}}]}},"_links":{"self":[{"href":"https:\/\/www.fai-srl.com\/shop\/wp-json\/wp\/v2\/product\/22834","targetHints":{"allow":["GET"]}}],"collection":[{"href":"https:\/\/www.fai-srl.com\/shop\/wp-json\/wp\/v2\/product"}],"about":[{"href":"https:\/\/www.fai-srl.com\/shop\/wp-json\/wp\/v2\/types\/product"}],"version-history":[{"count":9,"href":"https:\/\/www.fai-srl.com\/shop\/wp-json\/wp\/v2\/product\/22834\/revisions"}],"predecessor-version":[{"id":31690,"href":"https:\/\/www.fai-srl.com\/shop\/wp-json\/wp\/v2\/product\/22834\/revisions\/31690"}],"wp:featuredmedia":[{"embeddable":true,"href":"https:\/\/www.fai-srl.com\/shop\/wp-json\/wp\/v2\/media\/22835"}],"wp:attachment":[{"href":"https:\/\/www.fai-srl.com\/shop\/wp-json\/wp\/v2\/media?parent=22834"}],"wp:term":[{"taxonomy":"product_cat","embeddable":true,"href":"https:\/\/www.fai-srl.com\/shop\/wp-json\/wp\/v2\/product_cat?post=22834"},{"taxonomy":"product_tag","embeddable":true,"href":"https:\/\/www.fai-srl.com\/shop\/wp-json\/wp\/v2\/product_tag?post=22834"}],"curies":[{"name":"wp","href":"https:\/\/api.w.org\/{rel}","templated":true}]}}