{"id":20256,"date":"2020-11-21T02:01:40","date_gmt":"2020-11-21T01:01:40","guid":{"rendered":"http:\/\/www.fai-srl.com\/shop\/?post_type=product&#038;p=20256"},"modified":"2026-02-27T19:35:23","modified_gmt":"2026-02-27T18:35:23","slug":"faretto-da-incasso-rotondo-2","status":"publish","type":"product","link":"https:\/\/www.fai-srl.com\/shop\/product\/faretto-da-incasso-rotondo-2\/","title":{"rendered":"Faretto da incasso rotondo"},"content":{"rendered":"<p><strong>Faretto da incasso rotondo<\/strong><\/p>\n<p style=\"text-align: justify;\">Faretto da incasso rotondo. Utilizza questo faretto a LED per dare l&#8217;illuminazione perfetta ai tuoi ambienti. Grazie ai suoi fari a led, \u00e8 ideale per essere utilizzato nei controsoffitti in gesso.<\/p>\n<p style=\"text-align: justify;\">Questo prodotto, \u00e8 adatto per essere posizionato sia su pareti che su pavimenti. \u00c8 un ottimo elemento di arredo per illuminare i tuoi spazi! Il faretto da incasso\u00a0 rotondo, presenta un corpo in metallo. La parte esterna del faretto, ha un diametro di 59mm ed \u00e8 disponibile in tre colori: bianco, satinato e cromo.<\/p>\n<p style=\"text-align: justify;\">Le barre in metallo laterali, consentono un installazione facile e pratica del faretto da incasso rotondo. Inoltre grazie al driver, questo prodotto pu\u00f2 essere collegato direttamente alla corrente elettrica senza il bisogno di un trasformatore.<\/p>\n<p style=\"text-align: justify;\">Grado di protezione: IP20-IP44.<\/p>\n<p style=\"text-align: justify;\">Questo articolo possiede il marchio CE, che garantisce la conformit\u00e0 del prodotto a tutte le disposizioni della Comunit\u00e0 Europea che prevedono il suo utilizzo dalla progettazione, alla messa in servizio fino allo smaltimento.<\/p>\n<p style=\"text-align: justify;\">Se dovessi aver bisogno di maggiori informazioni relative a questo prodotto o necessiti di un&#8217;offerta personalizzata <a href=\"https:\/\/www.fai-srl.com\/contatti\/\" target=\"_blank\" rel=\"noopener\">contattaci<\/a>!<\/p>\n<p style=\"text-align: justify;\">Rimani aggiornato sui nostri prodotti, seguici sui nostri canali social <a href=\"https:\/\/www.facebook.com\/faisrl.materialelettrico\/\" target=\"_blank\" rel=\"noopener\">Facebook<\/a> e <a href=\"https:\/\/www.instagram.com\/faisrl.materialelettrico\/\" target=\"_blank\" rel=\"noopener\">Instagram<\/a>.<\/p>\n<table border=\"0\" width=\"500\" align=\"center\">\n<tbody>\n<tr>\n<td>Potenza massima:<\/td>\n<td>30W<\/td>\n<\/tr>\n<tr>\n<td>Diametro foro:<\/td>\n<td>50 mm<\/td>\n<\/tr>\n<tr>\n<td>Diametro esterno:<\/td>\n<td>59 mm<\/td>\n<\/tr>\n<tr>\n<td>Corpo:<\/td>\n<td>metallo<\/td>\n<\/tr>\n<tr>\n<td>Fissaggio:<\/td>\n<td>con molle<\/td>\n<\/tr>\n<\/tbody>\n<\/table>\n","protected":false},"excerpt":{"rendered":"<p>Faretto da incasso rotondo Faretto da incasso rotondo. Utilizza questo faretto a LED per dare l&#8217;illuminazione perfetta ai tuoi ambienti. Grazie ai suoi fari a led, \u00e8 ideale per essere utilizzato nei controsoffitti in gesso. Questo prodotto, \u00e8 adatto per essere posizionato sia su pareti che su pavimenti. \u00c8 un ottimo elemento di arredo per &hellip; <\/p>\n<p class=\"link-more\"><a href=\"https:\/\/www.fai-srl.com\/shop\/product\/faretto-da-incasso-rotondo-2\/\" class=\"more-link\">Read More <span class=\"screen-reader-text\"> &#8220;Faretto da incasso rotondo&#8221;<\/span><\/a><\/p>\n","protected":false},"featured_media":24934,"template":"","meta":[],"product_cat":[506],"product_tag":[],"class_list":{"0":"post-20256","1":"product","2":"type-product","3":"status-publish","4":"has-post-thumbnail","6":"product_cat-led","8":"first","9":"instock","10":"taxable","11":"shipping-taxable","12":"purchasable","13":"product-type-variable"},"yoast_head":"<!-- This site is optimized with the Yoast SEO plugin v26.2 - https:\/\/yoast.com\/wordpress\/plugins\/seo\/ -->\n<title>Faretto da incasso rotondo - FAI SRL<\/title>\n<meta name=\"description\" content=\"Faretto da incasso rotondo con diametro esterno disponibile in 3 colori. Visita il nostro sito e scopri tutti i nostri prodotti!\" \/>\n<meta name=\"robots\" content=\"index, follow, max-snippet:-1, max-image-preview:large, max-video-preview:-1\" \/>\n<link rel=\"canonical\" href=\"https:\/\/www.fai-srl.com\/shop\/product\/faretto-da-incasso-rotondo-2\/\" \/>\n<meta property=\"og:locale\" content=\"it_IT\" \/>\n<meta property=\"og:type\" content=\"article\" \/>\n<meta property=\"og:title\" content=\"Faretto da incasso rotondo - FAI SRL\" \/>\n<meta property=\"og:description\" content=\"Faretto da incasso rotondo con diametro esterno disponibile in 3 colori. Visita il nostro sito e scopri tutti i nostri prodotti!\" \/>\n<meta property=\"og:url\" content=\"https:\/\/www.fai-srl.com\/shop\/product\/faretto-da-incasso-rotondo-2\/\" \/>\n<meta property=\"og:site_name\" content=\"FAI SRL\" \/>\n<meta property=\"article:modified_time\" content=\"2026-02-27T18:35:23+00:00\" \/>\n<meta property=\"og:image\" content=\"https:\/\/www.fai-srl.com\/shop\/wp-content\/uploads\/2020\/11\/0461_GR-1.jpg\" \/>\n\t<meta property=\"og:image:width\" content=\"600\" \/>\n\t<meta property=\"og:image:height\" content=\"600\" \/>\n\t<meta property=\"og:image:type\" content=\"image\/jpeg\" \/>\n<meta name=\"twitter:card\" content=\"summary_large_image\" \/>\n<meta name=\"twitter:label1\" content=\"Tempo di lettura stimato\" \/>\n\t<meta name=\"twitter:data1\" content=\"1 minuto\" \/>\n<script type=\"application\/ld+json\" class=\"yoast-schema-graph\">{\"@context\":\"https:\/\/schema.org\",\"@graph\":[{\"@type\":\"WebPage\",\"@id\":\"https:\/\/www.fai-srl.com\/shop\/product\/faretto-da-incasso-rotondo-2\/\",\"url\":\"https:\/\/www.fai-srl.com\/shop\/product\/faretto-da-incasso-rotondo-2\/\",\"name\":\"Faretto da incasso rotondo - FAI SRL\",\"isPartOf\":{\"@id\":\"https:\/\/www.fai-srl.com\/shop\/#website\"},\"primaryImageOfPage\":{\"@id\":\"https:\/\/www.fai-srl.com\/shop\/product\/faretto-da-incasso-rotondo-2\/#primaryimage\"},\"image\":{\"@id\":\"https:\/\/www.fai-srl.com\/shop\/product\/faretto-da-incasso-rotondo-2\/#primaryimage\"},\"thumbnailUrl\":\"https:\/\/www.fai-srl.com\/shop\/wp-content\/uploads\/2020\/11\/0461_GR-1.jpg\",\"datePublished\":\"2020-11-21T01:01:40+00:00\",\"dateModified\":\"2026-02-27T18:35:23+00:00\",\"description\":\"Faretto da incasso rotondo con diametro esterno disponibile in 3 colori. Visita il nostro sito e scopri tutti i nostri prodotti!\",\"breadcrumb\":{\"@id\":\"https:\/\/www.fai-srl.com\/shop\/product\/faretto-da-incasso-rotondo-2\/#breadcrumb\"},\"inLanguage\":\"it-IT\",\"potentialAction\":[{\"@type\":\"ReadAction\",\"target\":[\"https:\/\/www.fai-srl.com\/shop\/product\/faretto-da-incasso-rotondo-2\/\"]}]},{\"@type\":\"ImageObject\",\"inLanguage\":\"it-IT\",\"@id\":\"https:\/\/www.fai-srl.com\/shop\/product\/faretto-da-incasso-rotondo-2\/#primaryimage\",\"url\":\"https:\/\/www.fai-srl.com\/shop\/wp-content\/uploads\/2020\/11\/0461_GR-1.jpg\",\"contentUrl\":\"https:\/\/www.fai-srl.com\/shop\/wp-content\/uploads\/2020\/11\/0461_GR-1.jpg\",\"width\":600,\"height\":600,\"caption\":\"faretto da incasso rotondo\"},{\"@type\":\"BreadcrumbList\",\"@id\":\"https:\/\/www.fai-srl.com\/shop\/product\/faretto-da-incasso-rotondo-2\/#breadcrumb\",\"itemListElement\":[{\"@type\":\"ListItem\",\"position\":1,\"name\":\"Home\",\"item\":\"https:\/\/www.fai-srl.com\/shop\/\"},{\"@type\":\"ListItem\",\"position\":2,\"name\":\"Prodotti FAI Srl\",\"item\":\"https:\/\/www.fai-srl.com\/shop\/?page_id=4775\"},{\"@type\":\"ListItem\",\"position\":3,\"name\":\"Faretto da incasso rotondo\"}]},{\"@type\":\"WebSite\",\"@id\":\"https:\/\/www.fai-srl.com\/shop\/#website\",\"url\":\"https:\/\/www.fai-srl.com\/shop\/\",\"name\":\"FAI SRL\",\"description\":\"Light Up your Creativity\",\"publisher\":{\"@id\":\"https:\/\/www.fai-srl.com\/shop\/#organization\"},\"potentialAction\":[{\"@type\":\"SearchAction\",\"target\":{\"@type\":\"EntryPoint\",\"urlTemplate\":\"https:\/\/www.fai-srl.com\/shop\/?s={search_term_string}\"},\"query-input\":{\"@type\":\"PropertyValueSpecification\",\"valueRequired\":true,\"valueName\":\"search_term_string\"}}],\"inLanguage\":\"it-IT\"},{\"@type\":\"Organization\",\"@id\":\"https:\/\/www.fai-srl.com\/shop\/#organization\",\"name\":\"FAI SRL\",\"url\":\"https:\/\/www.fai-srl.com\/shop\/\",\"logo\":{\"@type\":\"ImageObject\",\"inLanguage\":\"it-IT\",\"@id\":\"https:\/\/www.fai-srl.com\/shop\/#\/schema\/logo\/image\/\",\"url\":\"http:\/\/www.fai-srl.com\/shop\/wp-content\/uploads\/2018\/10\/fai_logo.jpg\",\"contentUrl\":\"http:\/\/www.fai-srl.com\/shop\/wp-content\/uploads\/2018\/10\/fai_logo.jpg\",\"width\":300,\"height\":132,\"caption\":\"FAI SRL\"},\"image\":{\"@id\":\"https:\/\/www.fai-srl.com\/shop\/#\/schema\/logo\/image\/\"}}]}<\/script>\n<!-- \/ Yoast SEO plugin. -->","yoast_head_json":{"title":"Faretto da incasso rotondo - FAI SRL","description":"Faretto da incasso rotondo con diametro esterno disponibile in 3 colori. Visita il nostro sito e scopri tutti i nostri prodotti!","robots":{"index":"index","follow":"follow","max-snippet":"max-snippet:-1","max-image-preview":"max-image-preview:large","max-video-preview":"max-video-preview:-1"},"canonical":"https:\/\/www.fai-srl.com\/shop\/product\/faretto-da-incasso-rotondo-2\/","og_locale":"it_IT","og_type":"article","og_title":"Faretto da incasso rotondo - FAI SRL","og_description":"Faretto da incasso rotondo con diametro esterno disponibile in 3 colori. Visita il nostro sito e scopri tutti i nostri prodotti!","og_url":"https:\/\/www.fai-srl.com\/shop\/product\/faretto-da-incasso-rotondo-2\/","og_site_name":"FAI SRL","article_modified_time":"2026-02-27T18:35:23+00:00","og_image":[{"width":600,"height":600,"url":"https:\/\/www.fai-srl.com\/shop\/wp-content\/uploads\/2020\/11\/0461_GR-1.jpg","type":"image\/jpeg"}],"twitter_card":"summary_large_image","twitter_misc":{"Tempo di lettura stimato":"1 minuto"},"schema":{"@context":"https:\/\/schema.org","@graph":[{"@type":"WebPage","@id":"https:\/\/www.fai-srl.com\/shop\/product\/faretto-da-incasso-rotondo-2\/","url":"https:\/\/www.fai-srl.com\/shop\/product\/faretto-da-incasso-rotondo-2\/","name":"Faretto da incasso rotondo - FAI SRL","isPartOf":{"@id":"https:\/\/www.fai-srl.com\/shop\/#website"},"primaryImageOfPage":{"@id":"https:\/\/www.fai-srl.com\/shop\/product\/faretto-da-incasso-rotondo-2\/#primaryimage"},"image":{"@id":"https:\/\/www.fai-srl.com\/shop\/product\/faretto-da-incasso-rotondo-2\/#primaryimage"},"thumbnailUrl":"https:\/\/www.fai-srl.com\/shop\/wp-content\/uploads\/2020\/11\/0461_GR-1.jpg","datePublished":"2020-11-21T01:01:40+00:00","dateModified":"2026-02-27T18:35:23+00:00","description":"Faretto da incasso rotondo con diametro esterno disponibile in 3 colori. Visita il nostro sito e scopri tutti i nostri prodotti!","breadcrumb":{"@id":"https:\/\/www.fai-srl.com\/shop\/product\/faretto-da-incasso-rotondo-2\/#breadcrumb"},"inLanguage":"it-IT","potentialAction":[{"@type":"ReadAction","target":["https:\/\/www.fai-srl.com\/shop\/product\/faretto-da-incasso-rotondo-2\/"]}]},{"@type":"ImageObject","inLanguage":"it-IT","@id":"https:\/\/www.fai-srl.com\/shop\/product\/faretto-da-incasso-rotondo-2\/#primaryimage","url":"https:\/\/www.fai-srl.com\/shop\/wp-content\/uploads\/2020\/11\/0461_GR-1.jpg","contentUrl":"https:\/\/www.fai-srl.com\/shop\/wp-content\/uploads\/2020\/11\/0461_GR-1.jpg","width":600,"height":600,"caption":"faretto da incasso rotondo"},{"@type":"BreadcrumbList","@id":"https:\/\/www.fai-srl.com\/shop\/product\/faretto-da-incasso-rotondo-2\/#breadcrumb","itemListElement":[{"@type":"ListItem","position":1,"name":"Home","item":"https:\/\/www.fai-srl.com\/shop\/"},{"@type":"ListItem","position":2,"name":"Prodotti FAI Srl","item":"https:\/\/www.fai-srl.com\/shop\/?page_id=4775"},{"@type":"ListItem","position":3,"name":"Faretto da incasso rotondo"}]},{"@type":"WebSite","@id":"https:\/\/www.fai-srl.com\/shop\/#website","url":"https:\/\/www.fai-srl.com\/shop\/","name":"FAI SRL","description":"Light Up your Creativity","publisher":{"@id":"https:\/\/www.fai-srl.com\/shop\/#organization"},"potentialAction":[{"@type":"SearchAction","target":{"@type":"EntryPoint","urlTemplate":"https:\/\/www.fai-srl.com\/shop\/?s={search_term_string}"},"query-input":{"@type":"PropertyValueSpecification","valueRequired":true,"valueName":"search_term_string"}}],"inLanguage":"it-IT"},{"@type":"Organization","@id":"https:\/\/www.fai-srl.com\/shop\/#organization","name":"FAI SRL","url":"https:\/\/www.fai-srl.com\/shop\/","logo":{"@type":"ImageObject","inLanguage":"it-IT","@id":"https:\/\/www.fai-srl.com\/shop\/#\/schema\/logo\/image\/","url":"http:\/\/www.fai-srl.com\/shop\/wp-content\/uploads\/2018\/10\/fai_logo.jpg","contentUrl":"http:\/\/www.fai-srl.com\/shop\/wp-content\/uploads\/2018\/10\/fai_logo.jpg","width":300,"height":132,"caption":"FAI SRL"},"image":{"@id":"https:\/\/www.fai-srl.com\/shop\/#\/schema\/logo\/image\/"}}]}},"_links":{"self":[{"href":"https:\/\/www.fai-srl.com\/shop\/wp-json\/wp\/v2\/product\/20256","targetHints":{"allow":["GET"]}}],"collection":[{"href":"https:\/\/www.fai-srl.com\/shop\/wp-json\/wp\/v2\/product"}],"about":[{"href":"https:\/\/www.fai-srl.com\/shop\/wp-json\/wp\/v2\/types\/product"}],"version-history":[{"count":4,"href":"https:\/\/www.fai-srl.com\/shop\/wp-json\/wp\/v2\/product\/20256\/revisions"}],"predecessor-version":[{"id":26527,"href":"https:\/\/www.fai-srl.com\/shop\/wp-json\/wp\/v2\/product\/20256\/revisions\/26527"}],"wp:featuredmedia":[{"embeddable":true,"href":"https:\/\/www.fai-srl.com\/shop\/wp-json\/wp\/v2\/media\/24934"}],"wp:attachment":[{"href":"https:\/\/www.fai-srl.com\/shop\/wp-json\/wp\/v2\/media?parent=20256"}],"wp:term":[{"taxonomy":"product_cat","embeddable":true,"href":"https:\/\/www.fai-srl.com\/shop\/wp-json\/wp\/v2\/product_cat?post=20256"},{"taxonomy":"product_tag","embeddable":true,"href":"https:\/\/www.fai-srl.com\/shop\/wp-json\/wp\/v2\/product_tag?post=20256"}],"curies":[{"name":"wp","href":"https:\/\/api.w.org\/{rel}","templated":true}]}}