{"id":13890,"date":"2020-10-31T15:53:50","date_gmt":"2020-10-31T14:53:50","guid":{"rendered":"http:\/\/www.fai-srl.com\/shop\/?post_type=product&#038;p=13890"},"modified":"2026-02-27T19:26:20","modified_gmt":"2026-02-27T18:26:20","slug":"portalampade-in-metallo-b22-2","status":"publish","type":"product","link":"https:\/\/www.fai-srl.com\/shop\/product\/portalampade-in-metallo-b22-2\/","title":{"rendered":"Portalampade in metallo &#8211; B22"},"content":{"rendered":"<p style=\"display:none;\">Portalampade in metallo &#8211; B22<\/p>\n<p>Tra i nostri prodotti, all\u2019interno della categoria dei portalampade, potrai trovare svariate soluzioni funzionali che andranno a soddisfare le tue esigenze. Gli articoli che ritroverai sono caratterizzati da finiture e design differenti, che ti premetteranno di adattarli in modo pratico e semplice ad ogni tipologia di ambiente.<\/p>\n<p>Il Portalampade in metallo &#8211; B22 \u00e8 compatibile con tutte le lampade che dispongono del medesimo attacco o di un adattatore. Il prodotto presenta una camicia liscia, una pastiglia in materiale termoindurente e ha tensione nominale di 250 Vac. Per di pi\u00f9 \u00e8 dotato di morsetti a vite per cavi rigidi o flessibili da 0,5 \u00f7 2,5 mm\u00b2 e prevede un fissaggio con foro filettato M10x1. Potrai trovare le dimensioni precise dell\u2019articolo visualizzando il suo disegno tecnico.<\/p>\n<p>Il materiale principale che compone il prodotto \u00e8 il metallo, \u00e8 per\u00f2 presente una pastiglia in materiale termoindurente che garantisce eccellenti prestazioni ed alta resistenza, permettendo per\u00f2 al prodotto di rimanere maneggevole e leggero.<\/p>\n<p>L\u2019articolo \u00e8 disponibile in 2 varianti colore: argento e ottone. <\/p>\n<p>Questo articolo possiede il marchio CE, che garantisce la conformit\u00e0 del prodotto a tutte le disposizioni della Comunit\u00e0 Europea che prevedono il suo utilizzo dalla progettazione, alla messa in servizio fino allo smaltimento.<\/p>\n<p>Se dovessi aver bisogno di maggiori informazioni relative a questo prodotto o necessiti di un&#8217;offerta personalizzata <a href=\"https:\/\/www.fai-srl.com\/contatti\/\" rel=\"noopener\" target=\"_blank\">contattaci<\/a>! <\/p>\n<p>Rimani aggiornato sui nostri prodotti, seguici sui nostri canali social <a href=\"https:\/\/www.facebook.com\/faisrl.materialelettrico\/\" rel=\"noopener\" target=\"_blank\">Facebook<\/a> e <a href=\"https:\/\/www.instagram.com\/faisrl.materialelettrico\/\" rel=\"noopener\" target=\"_blank\">Instagram<\/a>.  <\/p>\n<table border=\"0\" width=\"500\" align=\"center\">\n<tbody>\n<tr>\n<td>Camicia:<\/td>\n<td>liscia<\/td>\n<\/tr>\n<tr>\n<td>Pastiglia:<\/td>\n<td>in materiale termoindurente<\/td>\n<\/tr>\n<tr>\n<td>Tensione nominale:<\/td>\n<td>250 Vac<\/td>\n<\/tr>\n<tr>\n<td>Morsetti:<\/td>\n<td>a vite per cavi rigidi o flessibili da 0,5 \u00f7 2,5 mm\u00b2<\/td>\n<\/tr>\n<tr>\n<td>Fissaggio:<\/td>\n<td>con foro filettato M10x1<\/td>\n<\/tr>\n<\/tbody>\n<\/table>\n","protected":false},"excerpt":{"rendered":"<p><img decoding=\"async\" class=\"alignnone size-full wp-image-13865\" src=\"http:\/\/www.fai-srl.com\/shop\/wp-content\/uploads\/2020\/10\/ce-1-e1604154051267.jpg\" alt=\"\" width=\"60\" height=\"60\" \/><\/p>\n","protected":false},"featured_media":14538,"template":"","meta":[],"product_cat":[497],"product_tag":[],"class_list":{"0":"post-13890","1":"product","2":"type-product","3":"status-publish","4":"has-post-thumbnail","6":"product_cat-portalampade","8":"first","9":"instock","10":"taxable","11":"shipping-taxable","12":"purchasable","13":"product-type-variable"},"yoast_head":"<!-- This site is optimized with the Yoast SEO plugin v26.2 - https:\/\/yoast.com\/wordpress\/plugins\/seo\/ -->\n<title>Portalampade in metallo - B22 - Shop - Categoria Portalampade- FAI SRL<\/title>\n<meta name=\"description\" content=\"Portalampade in metallo - B22 con camicia liscia, pastiglia in materiale termoindurente e tensione nominale di 250 Vac\" \/>\n<meta name=\"robots\" content=\"index, follow, max-snippet:-1, max-image-preview:large, max-video-preview:-1\" \/>\n<link rel=\"canonical\" href=\"https:\/\/www.fai-srl.com\/shop\/product\/portalampade-in-metallo-b22-2\/\" \/>\n<meta property=\"og:locale\" content=\"it_IT\" \/>\n<meta property=\"og:type\" content=\"article\" \/>\n<meta property=\"og:title\" content=\"Portalampade in metallo - B22 - Shop - Categoria Portalampade- FAI SRL\" \/>\n<meta property=\"og:description\" content=\"Portalampade in metallo - B22 con camicia liscia, pastiglia in materiale termoindurente e tensione nominale di 250 Vac\" \/>\n<meta property=\"og:url\" content=\"https:\/\/www.fai-srl.com\/shop\/product\/portalampade-in-metallo-b22-2\/\" \/>\n<meta property=\"og:site_name\" content=\"FAI SRL\" \/>\n<meta property=\"article:modified_time\" content=\"2026-02-27T18:26:20+00:00\" \/>\n<meta property=\"og:image\" content=\"https:\/\/www.fai-srl.com\/shop\/wp-content\/uploads\/2020\/10\/0092_22_F_GR-1.jpg\" \/>\n\t<meta property=\"og:image:width\" content=\"600\" \/>\n\t<meta property=\"og:image:height\" content=\"600\" \/>\n\t<meta property=\"og:image:type\" content=\"image\/jpeg\" \/>\n<meta name=\"twitter:card\" content=\"summary_large_image\" \/>\n<meta name=\"twitter:label1\" content=\"Tempo di lettura stimato\" \/>\n\t<meta name=\"twitter:data1\" content=\"1 minuto\" \/>\n<script type=\"application\/ld+json\" class=\"yoast-schema-graph\">{\"@context\":\"https:\/\/schema.org\",\"@graph\":[{\"@type\":\"WebPage\",\"@id\":\"https:\/\/www.fai-srl.com\/shop\/product\/portalampade-in-metallo-b22-2\/\",\"url\":\"https:\/\/www.fai-srl.com\/shop\/product\/portalampade-in-metallo-b22-2\/\",\"name\":\"Portalampade in metallo - B22 - Shop - Categoria Portalampade- FAI SRL\",\"isPartOf\":{\"@id\":\"https:\/\/www.fai-srl.com\/shop\/#website\"},\"primaryImageOfPage\":{\"@id\":\"https:\/\/www.fai-srl.com\/shop\/product\/portalampade-in-metallo-b22-2\/#primaryimage\"},\"image\":{\"@id\":\"https:\/\/www.fai-srl.com\/shop\/product\/portalampade-in-metallo-b22-2\/#primaryimage\"},\"thumbnailUrl\":\"https:\/\/www.fai-srl.com\/shop\/wp-content\/uploads\/2020\/10\/0092_22_F_GR-1.jpg\",\"datePublished\":\"2020-10-31T14:53:50+00:00\",\"dateModified\":\"2026-02-27T18:26:20+00:00\",\"description\":\"Portalampade in metallo - B22 con camicia liscia, pastiglia in materiale termoindurente e tensione nominale di 250 Vac\",\"breadcrumb\":{\"@id\":\"https:\/\/www.fai-srl.com\/shop\/product\/portalampade-in-metallo-b22-2\/#breadcrumb\"},\"inLanguage\":\"it-IT\",\"potentialAction\":[{\"@type\":\"ReadAction\",\"target\":[\"https:\/\/www.fai-srl.com\/shop\/product\/portalampade-in-metallo-b22-2\/\"]}]},{\"@type\":\"ImageObject\",\"inLanguage\":\"it-IT\",\"@id\":\"https:\/\/www.fai-srl.com\/shop\/product\/portalampade-in-metallo-b22-2\/#primaryimage\",\"url\":\"https:\/\/www.fai-srl.com\/shop\/wp-content\/uploads\/2020\/10\/0092_22_F_GR-1.jpg\",\"contentUrl\":\"https:\/\/www.fai-srl.com\/shop\/wp-content\/uploads\/2020\/10\/0092_22_F_GR-1.jpg\",\"width\":600,\"height\":600,\"caption\":\"Portalampade in metallo - B22\"},{\"@type\":\"BreadcrumbList\",\"@id\":\"https:\/\/www.fai-srl.com\/shop\/product\/portalampade-in-metallo-b22-2\/#breadcrumb\",\"itemListElement\":[{\"@type\":\"ListItem\",\"position\":1,\"name\":\"Home\",\"item\":\"https:\/\/www.fai-srl.com\/shop\/\"},{\"@type\":\"ListItem\",\"position\":2,\"name\":\"Prodotti FAI Srl\",\"item\":\"https:\/\/www.fai-srl.com\/shop\/?page_id=4775\"},{\"@type\":\"ListItem\",\"position\":3,\"name\":\"Portalampade in metallo &#8211; B22\"}]},{\"@type\":\"WebSite\",\"@id\":\"https:\/\/www.fai-srl.com\/shop\/#website\",\"url\":\"https:\/\/www.fai-srl.com\/shop\/\",\"name\":\"FAI SRL\",\"description\":\"Light Up your Creativity\",\"publisher\":{\"@id\":\"https:\/\/www.fai-srl.com\/shop\/#organization\"},\"potentialAction\":[{\"@type\":\"SearchAction\",\"target\":{\"@type\":\"EntryPoint\",\"urlTemplate\":\"https:\/\/www.fai-srl.com\/shop\/?s={search_term_string}\"},\"query-input\":{\"@type\":\"PropertyValueSpecification\",\"valueRequired\":true,\"valueName\":\"search_term_string\"}}],\"inLanguage\":\"it-IT\"},{\"@type\":\"Organization\",\"@id\":\"https:\/\/www.fai-srl.com\/shop\/#organization\",\"name\":\"FAI SRL\",\"url\":\"https:\/\/www.fai-srl.com\/shop\/\",\"logo\":{\"@type\":\"ImageObject\",\"inLanguage\":\"it-IT\",\"@id\":\"https:\/\/www.fai-srl.com\/shop\/#\/schema\/logo\/image\/\",\"url\":\"http:\/\/www.fai-srl.com\/shop\/wp-content\/uploads\/2018\/10\/fai_logo.jpg\",\"contentUrl\":\"http:\/\/www.fai-srl.com\/shop\/wp-content\/uploads\/2018\/10\/fai_logo.jpg\",\"width\":300,\"height\":132,\"caption\":\"FAI SRL\"},\"image\":{\"@id\":\"https:\/\/www.fai-srl.com\/shop\/#\/schema\/logo\/image\/\"}}]}<\/script>\n<!-- \/ Yoast SEO plugin. -->","yoast_head_json":{"title":"Portalampade in metallo - B22 - Shop - Categoria Portalampade- FAI SRL","description":"Portalampade in metallo - B22 con camicia liscia, pastiglia in materiale termoindurente e tensione nominale di 250 Vac","robots":{"index":"index","follow":"follow","max-snippet":"max-snippet:-1","max-image-preview":"max-image-preview:large","max-video-preview":"max-video-preview:-1"},"canonical":"https:\/\/www.fai-srl.com\/shop\/product\/portalampade-in-metallo-b22-2\/","og_locale":"it_IT","og_type":"article","og_title":"Portalampade in metallo - B22 - Shop - Categoria Portalampade- FAI SRL","og_description":"Portalampade in metallo - B22 con camicia liscia, pastiglia in materiale termoindurente e tensione nominale di 250 Vac","og_url":"https:\/\/www.fai-srl.com\/shop\/product\/portalampade-in-metallo-b22-2\/","og_site_name":"FAI SRL","article_modified_time":"2026-02-27T18:26:20+00:00","og_image":[{"width":600,"height":600,"url":"https:\/\/www.fai-srl.com\/shop\/wp-content\/uploads\/2020\/10\/0092_22_F_GR-1.jpg","type":"image\/jpeg"}],"twitter_card":"summary_large_image","twitter_misc":{"Tempo di lettura stimato":"1 minuto"},"schema":{"@context":"https:\/\/schema.org","@graph":[{"@type":"WebPage","@id":"https:\/\/www.fai-srl.com\/shop\/product\/portalampade-in-metallo-b22-2\/","url":"https:\/\/www.fai-srl.com\/shop\/product\/portalampade-in-metallo-b22-2\/","name":"Portalampade in metallo - B22 - Shop - Categoria Portalampade- FAI SRL","isPartOf":{"@id":"https:\/\/www.fai-srl.com\/shop\/#website"},"primaryImageOfPage":{"@id":"https:\/\/www.fai-srl.com\/shop\/product\/portalampade-in-metallo-b22-2\/#primaryimage"},"image":{"@id":"https:\/\/www.fai-srl.com\/shop\/product\/portalampade-in-metallo-b22-2\/#primaryimage"},"thumbnailUrl":"https:\/\/www.fai-srl.com\/shop\/wp-content\/uploads\/2020\/10\/0092_22_F_GR-1.jpg","datePublished":"2020-10-31T14:53:50+00:00","dateModified":"2026-02-27T18:26:20+00:00","description":"Portalampade in metallo - B22 con camicia liscia, pastiglia in materiale termoindurente e tensione nominale di 250 Vac","breadcrumb":{"@id":"https:\/\/www.fai-srl.com\/shop\/product\/portalampade-in-metallo-b22-2\/#breadcrumb"},"inLanguage":"it-IT","potentialAction":[{"@type":"ReadAction","target":["https:\/\/www.fai-srl.com\/shop\/product\/portalampade-in-metallo-b22-2\/"]}]},{"@type":"ImageObject","inLanguage":"it-IT","@id":"https:\/\/www.fai-srl.com\/shop\/product\/portalampade-in-metallo-b22-2\/#primaryimage","url":"https:\/\/www.fai-srl.com\/shop\/wp-content\/uploads\/2020\/10\/0092_22_F_GR-1.jpg","contentUrl":"https:\/\/www.fai-srl.com\/shop\/wp-content\/uploads\/2020\/10\/0092_22_F_GR-1.jpg","width":600,"height":600,"caption":"Portalampade in metallo - B22"},{"@type":"BreadcrumbList","@id":"https:\/\/www.fai-srl.com\/shop\/product\/portalampade-in-metallo-b22-2\/#breadcrumb","itemListElement":[{"@type":"ListItem","position":1,"name":"Home","item":"https:\/\/www.fai-srl.com\/shop\/"},{"@type":"ListItem","position":2,"name":"Prodotti FAI Srl","item":"https:\/\/www.fai-srl.com\/shop\/?page_id=4775"},{"@type":"ListItem","position":3,"name":"Portalampade in metallo &#8211; B22"}]},{"@type":"WebSite","@id":"https:\/\/www.fai-srl.com\/shop\/#website","url":"https:\/\/www.fai-srl.com\/shop\/","name":"FAI SRL","description":"Light Up your Creativity","publisher":{"@id":"https:\/\/www.fai-srl.com\/shop\/#organization"},"potentialAction":[{"@type":"SearchAction","target":{"@type":"EntryPoint","urlTemplate":"https:\/\/www.fai-srl.com\/shop\/?s={search_term_string}"},"query-input":{"@type":"PropertyValueSpecification","valueRequired":true,"valueName":"search_term_string"}}],"inLanguage":"it-IT"},{"@type":"Organization","@id":"https:\/\/www.fai-srl.com\/shop\/#organization","name":"FAI SRL","url":"https:\/\/www.fai-srl.com\/shop\/","logo":{"@type":"ImageObject","inLanguage":"it-IT","@id":"https:\/\/www.fai-srl.com\/shop\/#\/schema\/logo\/image\/","url":"http:\/\/www.fai-srl.com\/shop\/wp-content\/uploads\/2018\/10\/fai_logo.jpg","contentUrl":"http:\/\/www.fai-srl.com\/shop\/wp-content\/uploads\/2018\/10\/fai_logo.jpg","width":300,"height":132,"caption":"FAI SRL"},"image":{"@id":"https:\/\/www.fai-srl.com\/shop\/#\/schema\/logo\/image\/"}}]}},"_links":{"self":[{"href":"https:\/\/www.fai-srl.com\/shop\/wp-json\/wp\/v2\/product\/13890","targetHints":{"allow":["GET"]}}],"collection":[{"href":"https:\/\/www.fai-srl.com\/shop\/wp-json\/wp\/v2\/product"}],"about":[{"href":"https:\/\/www.fai-srl.com\/shop\/wp-json\/wp\/v2\/types\/product"}],"version-history":[{"count":5,"href":"https:\/\/www.fai-srl.com\/shop\/wp-json\/wp\/v2\/product\/13890\/revisions"}],"predecessor-version":[{"id":27579,"href":"https:\/\/www.fai-srl.com\/shop\/wp-json\/wp\/v2\/product\/13890\/revisions\/27579"}],"wp:featuredmedia":[{"embeddable":true,"href":"https:\/\/www.fai-srl.com\/shop\/wp-json\/wp\/v2\/media\/14538"}],"wp:attachment":[{"href":"https:\/\/www.fai-srl.com\/shop\/wp-json\/wp\/v2\/media?parent=13890"}],"wp:term":[{"taxonomy":"product_cat","embeddable":true,"href":"https:\/\/www.fai-srl.com\/shop\/wp-json\/wp\/v2\/product_cat?post=13890"},{"taxonomy":"product_tag","embeddable":true,"href":"https:\/\/www.fai-srl.com\/shop\/wp-json\/wp\/v2\/product_tag?post=13890"}],"curies":[{"name":"wp","href":"https:\/\/api.w.org\/{rel}","templated":true}]}}